Last updated on 2025-11-28 12:48:37 CET.
| Flavor | Version | Tinstall | Tcheck | Ttotal | Status | Flags |
|---|---|---|---|---|---|---|
| r-devel-linux-x86_64-debian-clang | 0.1.2 | 5.83 | 55.74 | 61.57 | OK | |
| r-devel-linux-x86_64-debian-gcc | 0.1.2 | 5.37 | 43.71 | 49.08 | OK | |
| r-devel-linux-x86_64-fedora-clang | 0.1.2 | 16.00 | 81.68 | 97.68 | NOTE | |
| r-devel-linux-x86_64-fedora-gcc | 0.1.2 | 24.00 | 73.42 | 97.42 | NOTE | |
| r-devel-windows-x86_64 | 0.1.2 | 9.00 | 63.00 | 72.00 | OK | |
| r-patched-linux-x86_64 | 0.1.2 | 5.70 | 53.89 | 59.59 | OK | |
| r-release-linux-x86_64 | 0.1.2 | 6.90 | 54.25 | 61.15 | OK | |
| r-release-macos-arm64 | 0.1.2 | OK | ||||
| r-release-macos-x86_64 | 0.1.2 | 14.00 | 75.00 | 89.00 | OK | |
| r-release-windows-x86_64 | 0.1.2 | 8.00 | 63.00 | 71.00 | OK | |
| r-oldrel-macos-arm64 | 0.1.2 | OK | ||||
| r-oldrel-macos-x86_64 | 0.1.2 | 5.00 | 37.00 | 42.00 | OK | |
| r-oldrel-windows-x86_64 | 0.1.2 | 11.00 | 81.00 | 92.00 | OK |
Version: 0.1.2
Check: dependencies in R code
Result: NOTE
Namespace in Imports field not imported from: ‘gamlss.dist’
All declared Imports should be used.
Flavors: r-devel-linux-x86_64-fedora-clang, r-devel-linux-x86_64-fedora-gcc