Last updated on 2025-05-27 18:49:49 CEST.
Flavor | Version | Tinstall | Tcheck | Ttotal | Status | Flags |
---|---|---|---|---|---|---|
r-devel-linux-x86_64-debian-clang | 1.0.1 | 60.20 | 37.69 | 97.89 | NOTE | |
r-devel-linux-x86_64-debian-gcc | 1.0.1 | 39.25 | 28.34 | 67.59 | NOTE | |
r-devel-linux-x86_64-fedora-clang | 1.0.1 | 182.88 | OK | |||
r-devel-linux-x86_64-fedora-gcc | 1.0.1 | 155.73 | OK | |||
r-devel-windows-x86_64 | 1.0.1 | 64.00 | 83.00 | 147.00 | OK | |
r-patched-linux-x86_64 | 1.0.1 | 55.07 | 36.19 | 91.26 | OK | |
r-release-linux-x86_64 | 1.0.1 | 55.91 | 36.32 | 92.23 | OK | |
r-release-macos-arm64 | 1.0.1 | 51.00 | OK | |||
r-release-macos-x86_64 | 1.0.1 | 62.00 | OK | |||
r-release-windows-x86_64 | 1.0.1 | 64.00 | 89.00 | 153.00 | OK | |
r-oldrel-macos-arm64 | 1.0.1 | 44.00 | OK | |||
r-oldrel-macos-x86_64 | 1.0.1 | 52.00 | OK | |||
r-oldrel-windows-x86_64 | 1.0.1 | 76.00 | 102.00 | 178.00 | OK |
Version: 1.0.1
Check: CRAN incoming feasibility
Result: NOTE
Maintainer: ‘Xuan You <youxuan90@gmail.com>’
No Authors@R field in DESCRIPTION.
Please add one, modifying
Authors@R: c(person(given = "Xuan",
family = "You",
role = c("aut", "cre"),
email = "youxuan90@gmail.com"),
person(given = "Yichen",
family = "Cheng",
role = "aut",
email = "ycheng11@gsu.edu"))
as necessary.
Flavors: r-devel-linux-x86_64-debian-clang, r-devel-linux-x86_64-debian-gcc