Last updated on 2025-11-04 13:50:14 CET.
| Flavor | Version | Tinstall | Tcheck | Ttotal | Status | Flags |
|---|---|---|---|---|---|---|
| r-devel-linux-x86_64-debian-clang | 1.1.8 | 29.47 | 69.98 | 99.45 | NOTE | |
| r-devel-linux-x86_64-debian-gcc | 1.1.8 | 21.46 | 45.31 | 66.77 | NOTE | |
| r-devel-linux-x86_64-fedora-clang | 1.1.8 | 58.00 | 85.41 | 143.41 | NOTE | |
| r-devel-linux-x86_64-fedora-gcc | 1.1.8 | 193.00 | -31.15 | 161.85 | NOTE | |
| r-devel-windows-x86_64 | 1.1.8 | 36.00 | 83.00 | 119.00 | NOTE | |
| r-patched-linux-x86_64 | 1.1.8 | 26.78 | 60.38 | 87.16 | OK | |
| r-release-linux-x86_64 | 1.1.8 | 28.48 | 60.87 | 89.35 | OK | |
| r-release-macos-arm64 | 1.1.8 | 19.00 | 27.00 | 46.00 | OK | |
| r-release-macos-x86_64 | 1.1.8 | 43.00 | 67.00 | 110.00 | OK | |
| r-release-windows-x86_64 | 1.1.8 | 36.00 | 75.00 | 111.00 | OK | |
| r-oldrel-macos-arm64 | 1.1.8 | 18.00 | 33.00 | 51.00 | OK | |
| r-oldrel-macos-x86_64 | 1.1.8 | 39.00 | 69.00 | 108.00 | OK | |
| r-oldrel-windows-x86_64 | 1.1.8 | 43.00 | 98.00 | 141.00 | OK |
Version: 1.1.8
Check: Rd files
Result: NOTE
checkRd: (-1) datagen.Rd:81: height/width attributes should be in pixels
checkRd: (-1) datagen.Rd:88: height/width attributes should be in pixels
checkRd: (-1) datagen.Rd:95: height/width attributes should be in pixels
Flavors: r-devel-linux-x86_64-debian-clang, r-devel-linux-x86_64-debian-gcc, r-devel-linux-x86_64-fedora-clang, r-devel-linux-x86_64-fedora-gcc, r-devel-windows-x86_64