CRAN Package Check Results for Package EpiForsk

Last updated on 2025-07-19 06:48:29 CEST.

Flavor Version Tinstall Tcheck Ttotal Status Flags
r-devel-linux-x86_64-debian-clang 0.1.1 15.98 138.27 154.25 NOTE
r-devel-linux-x86_64-debian-gcc 0.1.1 10.64 94.27 104.91 NOTE
r-devel-linux-x86_64-fedora-clang 0.1.1 244.74 OK
r-devel-linux-x86_64-fedora-gcc 0.1.1 235.87 OK
r-devel-windows-x86_64 0.1.1 15.00 137.00 152.00 NOTE
r-patched-linux-x86_64 0.1.1 14.48 125.70 140.18 NOTE
r-release-linux-x86_64 0.1.1 11.78 125.12 136.90 NOTE
r-release-macos-arm64 0.1.1 62.00 OK
r-release-macos-x86_64 0.1.1 133.00 OK
r-release-windows-x86_64 0.1.1 15.00 133.00 148.00 NOTE
r-oldrel-macos-arm64 0.1.1 67.00 OK
r-oldrel-macos-x86_64 0.1.1 103.00 OK
r-oldrel-windows-x86_64 0.1.1 20.00 180.00 200.00 OK

Check Details

Version: 0.1.1
Check: Rd cross-references
Result: NOTE Found the following Rd file(s) with Rd \link{} targets missing package anchors: DiscreteCovariatesToOneHot.Rd: dplyr_tidy_select charlson_score.Rd: dplyr_data_masking flatten_date_intervals.Rd: dplyr_tidy_select, dplyr_data_masking lms.Rd: dplyr_data_masking Please provide package anchors for all Rd \link{} targets not in the package itself and the base packages. Flavors: r-devel-linux-x86_64-debian-clang, r-devel-linux-x86_64-debian-gcc, r-devel-windows-x86_64, r-patched-linux-x86_64, r-release-linux-x86_64, r-release-windows-x86_64

mirror server hosted at Truenetwork, Russian Federation.