Last updated on 2025-07-13 18:52:43 CEST.
Flavor | Version | Tinstall | Tcheck | Ttotal | Status | Flags |
---|---|---|---|---|---|---|
r-devel-linux-x86_64-debian-clang | 0.5.0 | 401.37 | 261.02 | 662.39 | OK | |
r-devel-linux-x86_64-debian-gcc | 0.5.0 | 383.41 | 220.03 | 603.44 | OK | |
r-devel-linux-x86_64-fedora-clang | 0.5.0 | 1070.44 | OK | |||
r-devel-linux-x86_64-fedora-gcc | 0.5.0 | 1377.04 | OK | |||
r-devel-windows-x86_64 | 0.5.0 | 461.00 | 365.00 | 826.00 | OK | |
r-patched-linux-x86_64 | 0.5.0 | 511.54 | 297.92 | 809.46 | OK | |
r-release-linux-x86_64 | 0.5.0 | 495.06 | 298.60 | 793.66 | OK | |
r-release-macos-arm64 | 0.5.0 | 269.00 | OK | |||
r-release-macos-x86_64 | 0.5.0 | 533.00 | OK | |||
r-release-windows-x86_64 | 0.5.0 | 441.00 | 361.00 | 802.00 | OK | |
r-oldrel-macos-arm64 | 0.5.0 | 156.00 | NOTE | |||
r-oldrel-macos-x86_64 | 0.5.0 | 188.00 | NOTE | |||
r-oldrel-windows-x86_64 | 0.5.0 | 539.00 | 482.00 | 1021.00 | NOTE |
Version: 0.5.0
Check: installed package size
Result: NOTE
installed size is 85.7Mb
sub-directories of 1Mb or more:
libs 84.5Mb
Flavors: r-oldrel-macos-arm64, r-oldrel-macos-x86_64, r-oldrel-windows-x86_64
Version: 0.5.0
Check: for GNU extensions in Makefiles
Result: NOTE
GNU make is a SystemRequirements.
Flavors: r-oldrel-macos-arm64, r-oldrel-macos-x86_64, r-oldrel-windows-x86_64