Last updated on 2025-11-04 05:51:09 CET.
| Flavor | Version | Tinstall | Tcheck | Ttotal | Status | Flags | 
|---|---|---|---|---|---|---|
| r-devel-linux-x86_64-debian-clang | 0.1-3 | 3.35 | 35.15 | 38.50 | NOTE | |
| r-devel-linux-x86_64-debian-gcc | 0.1-3 | 2.70 | 27.10 | 29.80 | NOTE | |
| r-devel-linux-x86_64-fedora-clang | 0.1-3 | 57.66 | OK | |||
| r-devel-linux-x86_64-fedora-gcc | 0.1-3 | 55.12 | OK | |||
| r-devel-windows-x86_64 | 0.1-3 | 6.00 | 51.00 | 57.00 | OK | |
| r-patched-linux-x86_64 | 0.1-3 | 3.23 | 33.52 | 36.75 | OK | |
| r-release-linux-x86_64 | 0.1-3 | 3.23 | 33.37 | 36.60 | OK | |
| r-release-macos-arm64 | 0.1-3 | 2.00 | 20.00 | 22.00 | OK | |
| r-release-macos-x86_64 | 0.1-3 | 3.00 | 32.00 | 35.00 | OK | |
| r-release-windows-x86_64 | 0.1-3 | 5.00 | 50.00 | 55.00 | OK | |
| r-oldrel-macos-arm64 | 0.1-3 | 2.00 | 18.00 | 20.00 | OK | |
| r-oldrel-macos-x86_64 | 0.1-3 | 3.00 | 27.00 | 30.00 | OK | |
| r-oldrel-windows-x86_64 | 0.1-3 | 7.00 | 62.00 | 69.00 | OK | 
Version: 0.1-3
Check: CRAN incoming feasibility
Result: NOTE
  Maintainer: ‘Gunther Schauberger <gunther.schauberger@tum.de>’
  
  No Authors@R field in DESCRIPTION.
  Please add one, modifying
    Authors@R: person(given = "Gunther",
                      family = "Schauberger",
                      role = c("aut", "cre"),
                      email = "gunther.schauberger@tum.de")
  as necessary.
Flavors: r-devel-linux-x86_64-debian-clang, r-devel-linux-x86_64-debian-gcc