Last updated on 2025-11-04 05:51:09 CET.
| Flavor | Version | Tinstall | Tcheck | Ttotal | Status | Flags | 
|---|---|---|---|---|---|---|
| r-devel-linux-x86_64-debian-clang | 1.9-1 | 7.62 | 50.95 | 58.57 | NOTE | |
| r-devel-linux-x86_64-debian-gcc | 1.9-1 | 5.12 | 37.02 | 42.14 | NOTE | |
| r-devel-linux-x86_64-fedora-clang | 1.9-1 | 15.00 | 73.48 | 88.48 | OK | |
| r-devel-linux-x86_64-fedora-gcc | 1.9-1 | 17.00 | 69.29 | 86.29 | OK | |
| r-devel-windows-x86_64 | 1.9-1 | 8.00 | 65.00 | 73.00 | OK | |
| r-patched-linux-x86_64 | 1.9-1 | 8.01 | 48.55 | 56.56 | OK | |
| r-release-linux-x86_64 | 1.9-1 | 7.17 | 48.52 | 55.69 | OK | |
| r-release-macos-arm64 | 1.9-1 | 3.00 | 25.00 | 28.00 | OK | |
| r-release-macos-x86_64 | 1.9-1 | 7.00 | 43.00 | 50.00 | OK | |
| r-release-windows-x86_64 | 1.9-1 | 9.00 | 63.00 | 72.00 | OK | |
| r-oldrel-macos-arm64 | 1.9-1 | 3.00 | 24.00 | 27.00 | OK | |
| r-oldrel-macos-x86_64 | 1.9-1 | 5.00 | 36.00 | 41.00 | OK | |
| r-oldrel-windows-x86_64 | 1.9-1 | 8.00 | 74.00 | 82.00 | OK | 
Version: 1.9-1
Check: CRAN incoming feasibility
Result: NOTE
  Maintainer: ‘Gunther Schauberger <gunther.schauberger@tum.de>’
  
  No Authors@R field in DESCRIPTION.
  Please add one, modifying
    Authors@R: person(given = "Gunther",
                      family = "Schauberger",
                      role = c("aut", "cre"),
                      email = "gunther.schauberger@tum.de")
  as necessary.
Flavors: r-devel-linux-x86_64-debian-clang, r-devel-linux-x86_64-debian-gcc