Last updated on 2025-11-04 11:52:29 CET.
| Flavor | Version | Tinstall | Tcheck | Ttotal | Status | Flags | 
|---|---|---|---|---|---|---|
| r-devel-linux-x86_64-debian-clang | 2.0 | 12.12 | 94.86 | 106.98 | NOTE | |
| r-devel-linux-x86_64-debian-gcc | 2.0 | 8.83 | 68.26 | 77.09 | NOTE | |
| r-devel-linux-x86_64-fedora-clang | 2.0 | 26.00 | 139.93 | 165.93 | OK | |
| r-devel-linux-x86_64-fedora-gcc | 2.0 | 23.00 | 134.74 | 157.74 | OK | |
| r-devel-windows-x86_64 | 2.0 | 13.00 | 94.00 | 107.00 | OK | |
| r-patched-linux-x86_64 | 2.0 | 13.39 | 93.53 | 106.92 | OK | |
| r-release-linux-x86_64 | 2.0 | 11.09 | 92.41 | 103.50 | OK | |
| r-release-macos-arm64 | 2.0 | 6.00 | 54.00 | 60.00 | OK | |
| r-release-macos-x86_64 | 2.0 | 11.00 | 81.00 | 92.00 | OK | |
| r-release-windows-x86_64 | 2.0 | 13.00 | 90.00 | 103.00 | OK | |
| r-oldrel-macos-arm64 | 2.0 | 6.00 | 47.00 | 53.00 | OK | |
| r-oldrel-macos-x86_64 | 2.0 | 8.00 | 63.00 | 71.00 | OK | |
| r-oldrel-windows-x86_64 | 2.0 | 17.00 | 124.00 | 141.00 | OK | 
Version: 2.0
Check: CRAN incoming feasibility
Result: NOTE
  Maintainer: ‘Castor Guisande Gonzalez <castor@uvigo.es>’
  
  No Authors@R field in DESCRIPTION.
  Please add one, modifying
    Authors@R: person(given = c("Castor", "Guisande"),
                      family = "Gonzalez",
                      role = c("aut", "cre"),
                      email = "castor@uvigo.es")
  as necessary.
Flavors: r-devel-linux-x86_64-debian-clang, r-devel-linux-x86_64-debian-gcc