Last updated on 2025-11-04 11:52:30 CET.
| Flavor | Version | Tinstall | Tcheck | Ttotal | Status | Flags | 
|---|---|---|---|---|---|---|
| r-devel-linux-x86_64-debian-clang | 3.1.1 | 4.81 | 334.56 | 339.37 | NOTE | |
| r-devel-linux-x86_64-debian-gcc | 3.1.1 | 2.78 | 304.48 | 307.26 | NOTE | |
| r-devel-linux-x86_64-fedora-clang | 3.1.1 | 40.00 | 603.35 | 643.35 | NOTE | |
| r-devel-linux-x86_64-fedora-gcc | 3.1.1 | 11.00 | 568.07 | 579.07 | NOTE | |
| r-devel-windows-x86_64 | 3.1.1 | 7.00 | 279.00 | 286.00 | OK | |
| r-patched-linux-x86_64 | 3.1.1 | 4.56 | 327.30 | 331.86 | OK | |
| r-release-linux-x86_64 | 3.1.1 | 3.90 | 415.48 | 419.38 | OK | |
| r-release-macos-arm64 | 3.1.1 | 2.00 | 243.00 | 245.00 | OK | |
| r-release-macos-x86_64 | 3.1.1 | 4.00 | 423.00 | 427.00 | OK | |
| r-release-windows-x86_64 | 3.1.1 | 6.00 | 311.00 | 317.00 | OK | |
| r-oldrel-macos-arm64 | 3.1.1 | 3.00 | 239.00 | 242.00 | OK | |
| r-oldrel-macos-x86_64 | 3.1.1 | 3.00 | 282.00 | 285.00 | OK | |
| r-oldrel-windows-x86_64 | 3.1.1 | 8.00 | 496.00 | 504.00 | OK | 
Version: 3.1.1
Check: CRAN incoming feasibility
Result: NOTE
  Maintainer: ‘Jill Lundell <jflundell@gmail.com>’
  
  Package CITATION file contains call(s) to old-style personList() or
  as.personList().  Please use c() on person objects instead.
  Package CITATION file contains call(s) to old-style citEntry().  Please
  use bibentry() instead.
Flavors: r-devel-linux-x86_64-debian-clang, r-devel-linux-x86_64-debian-gcc
Version: 3.1.1
Check: dependencies in R code
Result: NOTE
  Namespace in Imports field not imported from: ‘BiocStyle’
    All declared Imports should be used.
Flavors: r-devel-linux-x86_64-fedora-clang, r-devel-linux-x86_64-fedora-gcc