Last updated on 2025-11-04 05:51:10 CET.
| Flavor | Version | Tinstall | Tcheck | Ttotal | Status | Flags | 
|---|---|---|---|---|---|---|
| r-devel-linux-x86_64-debian-clang | 1.5 | 2.63 | 26.90 | 29.53 | NOTE | |
| r-devel-linux-x86_64-debian-gcc | 1.5 | 2.10 | 20.65 | 22.75 | NOTE | |
| r-devel-linux-x86_64-fedora-clang | 1.5 | 44.23 | OK | |||
| r-devel-linux-x86_64-fedora-gcc | 1.5 | 41.49 | OK | |||
| r-devel-windows-x86_64 | 1.5 | 3.00 | 45.00 | 48.00 | OK | |
| r-patched-linux-x86_64 | 1.5 | 2.80 | 25.13 | 27.93 | OK | |
| r-release-linux-x86_64 | 1.5 | 2.29 | 25.48 | 27.77 | OK | |
| r-release-macos-arm64 | 1.5 | 2.00 | 21.00 | 23.00 | OK | |
| r-release-macos-x86_64 | 1.5 | 2.00 | 25.00 | 27.00 | OK | |
| r-release-windows-x86_64 | 1.5 | 4.00 | 45.00 | 49.00 | OK | |
| r-oldrel-macos-arm64 | 1.5 | 1.00 | 16.00 | 17.00 | OK | |
| r-oldrel-macos-x86_64 | 1.5 | 2.00 | 22.00 | 24.00 | OK | |
| r-oldrel-windows-x86_64 | 1.5 | 4.00 | 54.00 | 58.00 | OK | 
Version: 1.5
Check: CRAN incoming feasibility
Result: NOTE
  Maintainer: ‘Jan Wijffels <jwijffels@bnosac.be>’
  
  No Authors@R field in DESCRIPTION.
  Please add one, modifying
    Authors@R: person(given = "Jan",
                      family = "Wijffels",
                      role = c("aut", "cre"),
                      email = "jwijffels@bnosac.be")
  as necessary.
Flavors: r-devel-linux-x86_64-debian-clang, r-devel-linux-x86_64-debian-gcc