Last updated on 2025-11-04 11:52:29 CET.
| Flavor | Version | Tinstall | Tcheck | Ttotal | Status | Flags | 
|---|---|---|---|---|---|---|
| r-devel-linux-x86_64-debian-clang | 1.1.1 | 2.52 | 25.55 | 28.07 | NOTE | |
| r-devel-linux-x86_64-debian-gcc | 1.1.1 | 2.00 | 20.18 | 22.18 | NOTE | |
| r-devel-linux-x86_64-fedora-clang | 1.1.1 | 41.62 | OK | |||
| r-devel-linux-x86_64-fedora-gcc | 1.1.1 | 39.67 | OK | |||
| r-devel-windows-x86_64 | 1.1.1 | 6.00 | 46.00 | 52.00 | OK | |
| r-patched-linux-x86_64 | 1.1.1 | 3.12 | 24.24 | 27.36 | OK | |
| r-release-linux-x86_64 | 1.1.1 | 2.73 | 24.16 | 26.89 | OK | |
| r-release-macos-arm64 | 1.1.1 | 2.00 | 16.00 | 18.00 | OK | |
| r-release-macos-x86_64 | 1.1.1 | 3.00 | 28.00 | 31.00 | OK | |
| r-release-windows-x86_64 | 1.1.1 | 6.00 | 45.00 | 51.00 | OK | |
| r-oldrel-macos-arm64 | 1.1.1 | 1.00 | 15.00 | 16.00 | OK | |
| r-oldrel-macos-x86_64 | 1.1.1 | 3.00 | 22.00 | 25.00 | OK | |
| r-oldrel-windows-x86_64 | 1.1.1 | 6.00 | 52.00 | 58.00 | OK | 
Version: 1.1.1
Check: CRAN incoming feasibility
Result: NOTE
  Maintainer: ‘Ziyang Lyu <ziyang.lyu@unsw.edu.au>’
  
  No Authors@R field in DESCRIPTION.
  Please add one, modifying
    Authors@R: c(person(given = "Ziyang",
                        family = "Lyu",
                        role = c("aut", "cre"),
                        email = "ziyang.lyu@unsw.edu.au"),
                 person(given = "Daniel",
                        family = "Ahfock",
                        role = "aut"),
                 person(given = c("Geoffrey", "J."),
                        family = "McLachlan",
                        role = "aut"))
  as necessary.
Flavors: r-devel-linux-x86_64-debian-clang, r-devel-linux-x86_64-debian-gcc