Last updated on 2025-11-04 11:52:29 CET.
| Flavor | Version | Tinstall | Tcheck | Ttotal | Status | Flags | 
|---|---|---|---|---|---|---|
| r-devel-linux-x86_64-debian-clang | 1.5.9 | 8.59 | 62.13 | 70.72 | NOTE | |
| r-devel-linux-x86_64-debian-gcc | 1.5.9 | 5.90 | 44.92 | 50.82 | NOTE | |
| r-devel-linux-x86_64-fedora-clang | 1.5.9 | 19.00 | 88.36 | 107.36 | OK | |
| r-devel-linux-x86_64-fedora-gcc | 1.5.9 | 16.00 | 87.06 | 103.06 | OK | |
| r-devel-windows-x86_64 | 1.5.9 | 11.00 | 85.00 | 96.00 | OK | |
| r-patched-linux-x86_64 | 1.5.9 | 7.80 | 58.78 | 66.58 | OK | |
| r-release-linux-x86_64 | 1.5.9 | 8.14 | 58.83 | 66.97 | OK | |
| r-release-macos-arm64 | 1.5.9 | 6.00 | 33.00 | 39.00 | OK | |
| r-release-macos-x86_64 | 1.5.9 | 9.00 | 67.00 | 76.00 | OK | |
| r-release-windows-x86_64 | 1.5.9 | 11.00 | 76.00 | 87.00 | OK | |
| r-oldrel-macos-arm64 | 1.5.9 | 5.00 | 28.00 | 33.00 | OK | |
| r-oldrel-macos-x86_64 | 1.5.9 | 7.00 | 43.00 | 50.00 | OK | |
| r-oldrel-windows-x86_64 | 1.5.9 | 15.00 | 96.00 | 111.00 | OK | 
Version: 1.5.9
Check: CRAN incoming feasibility
Result: NOTE
  Maintainer: ‘Donghoh Kim <donghoh.kim@gmail.com>’
  
  Package CITATION file contains call(s) to old-style personList() or
  as.personList().  Please use c() on person objects instead.
  Package CITATION file contains call(s) to old-style citEntry().  Please
  use bibentry() instead.
Flavors: r-devel-linux-x86_64-debian-clang, r-devel-linux-x86_64-debian-gcc