Last updated on 2025-11-04 05:51:09 CET.
| Flavor | Version | Tinstall | Tcheck | Ttotal | Status | Flags | 
|---|---|---|---|---|---|---|
| r-devel-linux-x86_64-debian-clang | 1.7 | 12.46 | 89.01 | 101.47 | NOTE | |
| r-devel-linux-x86_64-debian-gcc | 1.7 | 9.82 | 66.99 | 76.81 | NOTE | |
| r-devel-linux-x86_64-fedora-clang | 1.7 | 26.00 | 133.76 | 159.76 | OK | |
| r-devel-linux-x86_64-fedora-gcc | 1.7 | 26.00 | 126.38 | 152.38 | OK | |
| r-devel-windows-x86_64 | 1.7 | 13.00 | 89.00 | 102.00 | OK | |
| r-patched-linux-x86_64 | 1.7 | 13.58 | 85.51 | 99.09 | OK | |
| r-release-linux-x86_64 | 1.7 | 12.80 | 85.98 | 98.78 | OK | |
| r-release-macos-arm64 | 1.7 | 6.00 | 43.00 | 49.00 | OK | |
| r-release-macos-x86_64 | 1.7 | 12.00 | 62.00 | 74.00 | OK | |
| r-release-windows-x86_64 | 1.7 | 14.00 | 85.00 | 99.00 | OK | |
| r-oldrel-macos-arm64 | 1.7 | 6.00 | 37.00 | 43.00 | OK | |
| r-oldrel-macos-x86_64 | 1.7 | 8.00 | 53.00 | 61.00 | OK | |
| r-oldrel-windows-x86_64 | 1.7 | 17.00 | 111.00 | 128.00 | OK | 
Version: 1.7
Check: CRAN incoming feasibility
Result: NOTE
  Maintainer: ‘Wassim Youssef <Wassim.G.Youssef@gmail.com>’
  
  No Authors@R field in DESCRIPTION.
  Please add one, modifying
    Authors@R: c(person(given = "Julien",
                        family = "Tomas",
                        role = "aut"),
                 person(given = "Frederic",
                        family = "Planchet",
                        role = "aut"),
                 person(given = "Wassim",
                        family = "Youssef",
                        role = c("aut", "cre"),
                        email = "wassim.g.youssef@gmail.com"))
  as necessary.
Flavors: r-devel-linux-x86_64-debian-clang, r-devel-linux-x86_64-debian-gcc