Last updated on 2025-07-12 18:49:39 CEST.
Flavor | Version | Tinstall | Tcheck | Ttotal | Status | Flags |
---|---|---|---|---|---|---|
r-devel-linux-x86_64-debian-clang | 2.1.3 | 9.23 | 112.65 | 121.88 | NOTE | |
r-devel-linux-x86_64-debian-gcc | 2.1.3 | 7.08 | 70.50 | 77.58 | NOTE | |
r-devel-linux-x86_64-fedora-clang | 2.1.3 | 199.09 | OK | |||
r-devel-linux-x86_64-fedora-gcc | 2.1.3 | 199.13 | OK | |||
r-devel-windows-x86_64 | 2.1.3 | 10.00 | 106.00 | 116.00 | OK | |
r-patched-linux-x86_64 | 2.1.3 | 9.68 | 107.34 | 117.02 | OK | |
r-release-linux-x86_64 | 2.1.3 | 7.17 | 105.98 | 113.15 | OK | |
r-release-macos-arm64 | 2.1.3 | 52.00 | OK | |||
r-release-macos-x86_64 | 2.1.3 | 121.00 | OK | |||
r-release-windows-x86_64 | 2.1.3 | 10.00 | 108.00 | 118.00 | OK | |
r-oldrel-macos-arm64 | 2.1.3 | 51.00 | OK | |||
r-oldrel-macos-x86_64 | 2.1.3 | 82.00 | OK | |||
r-oldrel-windows-x86_64 | 2.1.3 | 13.00 | 139.00 | 152.00 | OK |
Version: 2.1.3
Check: CRAN incoming feasibility
Result: NOTE
Maintainer: ‘Guangjian Zhang <gzhang3@nd.edu>’
No Authors@R field in DESCRIPTION.
Please add one, modifying
Authors@R: c(person(given = "Guangjian",
family = "Zhang",
role = c("aut", "cre"),
email = "gzhang3@nd.edu"),
person(given = "Ge",
family = "Jiang",
role = "aut"),
person(given = "Minami",
family = "Hattori",
role = "aut"),
person(given = "Lauren",
family = "Trichtinger",
role = "aut"))
as necessary.
Flavors: r-devel-linux-x86_64-debian-clang, r-devel-linux-x86_64-debian-gcc