Last updated on 2025-07-12 12:48:27 CEST.
Flavor | Version | Tinstall | Tcheck | Ttotal | Status | Flags |
---|---|---|---|---|---|---|
r-devel-linux-x86_64-debian-clang | 0.6.0 | 70.62 | 384.62 | 455.24 | OK | |
r-devel-linux-x86_64-debian-gcc | 0.6.0 | 50.51 | 258.06 | 308.57 | OK | |
r-devel-linux-x86_64-fedora-clang | 0.6.0 | 767.06 | NOTE | |||
r-devel-linux-x86_64-fedora-gcc | 0.6.0 | 706.23 | NOTE | |||
r-devel-windows-x86_64 | 0.6.0 | 83.00 | 400.00 | 483.00 | OK | |
r-patched-linux-x86_64 | 0.6.0 | 69.51 | 352.03 | 421.54 | OK | |
r-release-linux-x86_64 | 0.6.0 | 73.64 | 359.29 | 432.93 | OK | |
r-release-macos-arm64 | 0.6.0 | 205.00 | OK | |||
r-release-macos-x86_64 | 0.6.0 | 381.00 | OK | |||
r-release-windows-x86_64 | 0.6.0 | 83.00 | 388.00 | 471.00 | OK | |
r-oldrel-macos-arm64 | 0.6.0 | 316.00 | OK | |||
r-oldrel-macos-x86_64 | 0.6.0 | 431.00 | OK | |||
r-oldrel-windows-x86_64 | 0.6.0 | 99.00 | 562.00 | 661.00 | OK |
Version: 0.6.0
Check: dependencies in R code
Result: NOTE
Namespace in Imports field not imported from: ‘progress’
All declared Imports should be used.
Flavors: r-devel-linux-x86_64-fedora-clang, r-devel-linux-x86_64-fedora-gcc