Last updated on 2025-11-04 11:52:29 CET.
| Flavor | Version | Tinstall | Tcheck | Ttotal | Status | Flags | 
|---|---|---|---|---|---|---|
| r-devel-linux-x86_64-debian-clang | 0.2.5 | 17.10 | 135.58 | 152.68 | NOTE | |
| r-devel-linux-x86_64-debian-gcc | 0.2.5 | 13.49 | 96.12 | 109.61 | NOTE | |
| r-devel-linux-x86_64-fedora-clang | 0.2.5 | 38.00 | 198.89 | 236.89 | OK | |
| r-devel-linux-x86_64-fedora-gcc | 0.2.5 | 32.00 | 190.34 | 222.34 | OK | |
| r-devel-windows-x86_64 | 0.2.5 | 19.00 | 126.00 | 145.00 | OK | |
| r-patched-linux-x86_64 | 0.2.5 | 16.40 | 127.18 | 143.58 | OK | |
| r-release-linux-x86_64 | 0.2.5 | 16.13 | 126.52 | 142.65 | OK | |
| r-release-macos-arm64 | 0.2.5 | 5.00 | ERROR | |||
| r-release-macos-x86_64 | 0.2.5 | 6.00 | ERROR | |||
| r-release-windows-x86_64 | 0.2.5 | 19.00 | 122.00 | 141.00 | OK | |
| r-oldrel-macos-arm64 | 0.2.5 | 10.00 | ERROR | |||
| r-oldrel-macos-x86_64 | 0.2.5 | 11.00 | ERROR | |||
| r-oldrel-windows-x86_64 | 0.2.5 | 25.00 | 167.00 | 192.00 | OK | 
Version: 0.2.5
Check: CRAN incoming feasibility
Result: NOTE
  Maintainer: ‘Jorn Lotsch <j.lotsch@em.uni-frankfurt.de>’
  
  No Authors@R field in DESCRIPTION.
  Please add one, modifying
    Authors@R: c(person(given = "Jorn",
                        family = "Lotsch",
                        role = c("aut", "cre"),
                        email = "j.lotsch@em.uni-frankfurt.de"),
                 person(given = "Alfred",
                        family = "Ultsch",
                        role = "aut"))
  as necessary.
Flavors: r-devel-linux-x86_64-debian-clang, r-devel-linux-x86_64-debian-gcc
Version: 0.2.5
Check: package dependencies
Result: ERROR
  Package required but not available: ‘opGMMassessment’
  
  See section ‘The DESCRIPTION file’ in the ‘Writing R Extensions’
  manual.
Flavors: r-release-macos-arm64, r-release-macos-x86_64, r-oldrel-macos-arm64, r-oldrel-macos-x86_64