Last updated on 2025-02-21 17:50:40 CET.
Flavor | Version | Tinstall | Tcheck | Ttotal | Status | Flags |
---|---|---|---|---|---|---|
r-devel-linux-x86_64-debian-clang | 0.5.5 | 11.96 | 33.34 | 45.30 | OK | |
r-devel-linux-x86_64-debian-gcc | 0.5.5 | 9.20 | 26.48 | 35.68 | OK | |
r-devel-linux-x86_64-fedora-clang | 0.5.5 | 74.19 | OK | |||
r-devel-linux-x86_64-fedora-gcc | 0.5.5 | 87.89 | OK | |||
r-devel-macos-arm64 | 0.5.5 | 41.00 | OK | |||
r-devel-macos-x86_64 | 0.5.5 | 87.00 | OK | |||
r-devel-windows-x86_64 | 0.5.5 | 36.00 | 65.00 | 101.00 | OK | |
r-patched-linux-x86_64 | 0.5.5 | 11.60 | 32.04 | 43.64 | NOTE | |
r-release-linux-x86_64 | 0.5.5 | 11.37 | 31.85 | 43.22 | NOTE | |
r-release-macos-arm64 | 0.5.5 | 39.00 | NOTE | |||
r-release-macos-x86_64 | 0.5.5 | 55.00 | NOTE | |||
r-release-windows-x86_64 | 0.5.5 | 37.00 | 58.00 | 95.00 | NOTE | |
r-oldrel-macos-arm64 | 0.5.5 | 35.00 | NOTE | |||
r-oldrel-macos-x86_64 | 0.5.5 | 89.00 | NOTE | |||
r-oldrel-windows-x86_64 | 0.5.5 | 39.00 | 97.00 | 136.00 | NOTE |
Version: 0.5.5
Check: for GNU extensions in Makefiles
Result: NOTE
GNU make is a SystemRequirements.
Flavors: r-patched-linux-x86_64, r-release-linux-x86_64, r-release-macos-arm64, r-release-macos-x86_64, r-release-windows-x86_64, r-oldrel-macos-arm64, r-oldrel-macos-x86_64, r-oldrel-windows-x86_64