Last updated on 2025-02-21 17:50:39 CET.
Flavor | Version | Tinstall | Tcheck | Ttotal | Status | Flags |
---|---|---|---|---|---|---|
r-devel-linux-x86_64-debian-clang | 0.2.3 | 25.40 | 211.74 | 237.14 | NOTE | |
r-devel-linux-x86_64-debian-gcc | 0.2.3 | 19.16 | 144.58 | 163.74 | NOTE | |
r-devel-linux-x86_64-fedora-clang | 0.2.3 | 385.90 | NOTE | |||
r-devel-linux-x86_64-fedora-gcc | 0.2.3 | 379.73 | NOTE | |||
r-devel-macos-arm64 | 0.2.3 | 101.00 | NOTE | |||
r-devel-macos-x86_64 | 0.2.3 | 231.00 | NOTE | |||
r-devel-windows-x86_64 | 0.2.3 | 30.00 | 200.00 | 230.00 | NOTE | |
r-patched-linux-x86_64 | 0.2.3 | 28.15 | 196.10 | 224.25 | NOTE | |
r-release-linux-x86_64 | 0.2.3 | 27.63 | 197.10 | 224.73 | NOTE | |
r-release-macos-arm64 | 0.2.3 | 85.00 | NOTE | |||
r-release-macos-x86_64 | 0.2.3 | 158.00 | NOTE | |||
r-release-windows-x86_64 | 0.2.3 | 31.00 | 203.00 | 234.00 | NOTE | |
r-oldrel-macos-arm64 | 0.2.3 | 96.00 | NOTE | |||
r-oldrel-macos-x86_64 | 0.2.3 | 165.00 | NOTE | |||
r-oldrel-windows-x86_64 | 0.2.3 | 38.00 | 258.00 | 296.00 | NOTE |
Version: 0.2.3
Check: Rd files
Result: NOTE
checkRd: (-1) MHLS.Rd:48-51: Lost braces in \itemize; meant \describe ?
checkRd: (-1) MHLS.Rd:52: Lost braces in \itemize; meant \describe ?
checkRd: (-1) MHLS.Rd:53-54: Lost braces in \itemize; meant \describe ?
checkRd: (-1) MHLS.Rd:55-56: Lost braces in \itemize; meant \describe ?
checkRd: (-1) MHLS.Rd:75: Lost braces; missing escapes or markup?
75 | From the initial values, \code{B0} and {S0}, \code{\link{MHLS}} draws \code{beta} and \code{subgrad} samples.
| ^
Flavors: r-devel-linux-x86_64-debian-clang, r-devel-linux-x86_64-debian-gcc, r-devel-linux-x86_64-fedora-clang, r-devel-linux-x86_64-fedora-gcc, r-devel-macos-arm64, r-devel-macos-x86_64, r-devel-windows-x86_64, r-patched-linux-x86_64, r-release-linux-x86_64, r-release-macos-arm64, r-release-macos-x86_64, r-release-windows-x86_64
Version: 0.2.3
Check: LazyData
Result: NOTE
'LazyData' is specified without a 'data' directory
Flavors: r-patched-linux-x86_64, r-release-linux-x86_64, r-release-macos-arm64, r-release-macos-x86_64, r-release-windows-x86_64, r-oldrel-macos-arm64, r-oldrel-macos-x86_64, r-oldrel-windows-x86_64