CRAN Package Check Results for Package EATME

Last updated on 2025-07-12 18:49:39 CEST.

Flavor Version Tinstall Tcheck Ttotal Status Flags
r-devel-linux-x86_64-debian-clang 0.1.0 2.39 55.70 58.09 OK
r-devel-linux-x86_64-debian-gcc 0.1.0 1.80 35.23 37.03 OK
r-devel-linux-x86_64-fedora-clang 0.1.0 84.04 NOTE
r-devel-linux-x86_64-fedora-gcc 0.1.0 82.92 NOTE
r-devel-windows-x86_64 0.1.0 4.00 73.00 77.00 OK
r-patched-linux-x86_64 0.1.0 2.46 46.35 48.81 OK
r-release-linux-x86_64 0.1.0 2.39 46.65 49.04 OK
r-release-macos-arm64 0.1.0 30.00 OK
r-release-macos-x86_64 0.1.0 50.00 OK
r-release-windows-x86_64 0.1.0 4.00 73.00 77.00 OK
r-oldrel-macos-arm64 0.1.0 29.00 OK
r-oldrel-macos-x86_64 0.1.0 41.00 OK
r-oldrel-windows-x86_64 0.1.0 5.00 83.00 88.00 OK

Check Details

Version: 0.1.0
Check: dependencies in R code
Result: NOTE Namespace in Imports field not imported from: ‘qcr’ All declared Imports should be used. Flavors: r-devel-linux-x86_64-fedora-clang, r-devel-linux-x86_64-fedora-gcc

mirror server hosted at Truenetwork, Russian Federation.