CRAN Package Check Results for Package DrillR

Last updated on 2025-07-16 07:49:04 CEST.

Flavor Version Tinstall Tcheck Ttotal Status Flags
r-devel-linux-x86_64-debian-clang 0.1 2.01 19.92 21.93 NOTE
r-devel-linux-x86_64-debian-gcc 0.1 1.69 16.84 18.53 NOTE
r-devel-linux-x86_64-fedora-clang 0.1 34.42 OK
r-devel-linux-x86_64-fedora-gcc 0.1 32.44 OK
r-devel-windows-x86_64 0.1 3.00 42.00 45.00 OK
r-patched-linux-x86_64 0.1 2.33 18.72 21.05 OK
r-release-linux-x86_64 0.1 2.33 18.85 21.18 OK
r-release-macos-arm64 0.1 19.00 OK
r-release-macos-x86_64 0.1 27.00 OK
r-release-windows-x86_64 0.1 4.00 52.00 56.00 OK
r-oldrel-macos-arm64 0.1 16.00 OK
r-oldrel-macos-x86_64 0.1 22.00 OK
r-oldrel-windows-x86_64 0.1 4.00 52.00 56.00 OK

Check Details

Version: 0.1
Check: CRAN incoming feasibility
Result: NOTE Maintainer: ‘Hanbing Yang <hanbingflying@sina.com>’ No Authors@R field in DESCRIPTION. Please add one, modifying Authors@R: person(given = "Hanbing", family = "Yang", role = c("aut", "cre"), email = "hanbingflying@sina.com") as necessary. Flavors: r-devel-linux-x86_64-debian-clang, r-devel-linux-x86_64-debian-gcc

mirror server hosted at Truenetwork, Russian Federation.