Last updated on 2025-07-16 00:49:40 CEST.
Flavor | Version | Tinstall | Tcheck | Ttotal | Status | Flags |
---|---|---|---|---|---|---|
r-devel-linux-x86_64-debian-clang | 0.12 | 18.06 | 125.05 | 143.11 | NOTE | |
r-devel-linux-x86_64-debian-gcc | 0.12 | 10.14 | 83.29 | 93.43 | NOTE | |
r-devel-linux-x86_64-fedora-clang | 0.12 | 220.95 | OK | |||
r-devel-linux-x86_64-fedora-gcc | 0.12 | 205.52 | OK | |||
r-devel-windows-x86_64 | 0.12 | 20.00 | 152.00 | 172.00 | OK | |
r-patched-linux-x86_64 | 0.12 | 19.40 | 116.65 | 136.05 | OK | |
r-release-linux-x86_64 | 0.12 | 15.88 | 114.66 | 130.54 | OK | |
r-release-macos-arm64 | 0.12 | 59.00 | OK | |||
r-release-macos-x86_64 | 0.12 | 114.00 | OK | |||
r-release-windows-x86_64 | 0.12 | 20.00 | 155.00 | 175.00 | OK | |
r-oldrel-macos-arm64 | 0.12 | 52.00 | OK | |||
r-oldrel-macos-x86_64 | 0.12 | 80.00 | OK | |||
r-oldrel-windows-x86_64 | 0.12 | 26.00 | 198.00 | 224.00 | OK |
Version: 0.12
Check: CRAN incoming feasibility
Result: NOTE
Maintainer: ‘Dinesh Acharya <dines.acharya@gmail.com>’
No Authors@R field in DESCRIPTION.
Please add one, modifying
Authors@R: person(given = "Dinesh",
family = "Acharya",
role = c("aut", "cre"),
email = "dines.acharya@gmail.com")
as necessary.
Flavors: r-devel-linux-x86_64-debian-clang, r-devel-linux-x86_64-debian-gcc