Last updated on 2025-11-04 11:52:28 CET.
| Flavor | Version | Tinstall | Tcheck | Ttotal | Status | Flags | 
|---|---|---|---|---|---|---|
| r-devel-linux-x86_64-debian-clang | 1.0.0 | 1.96 | 27.96 | 29.92 | NOTE | |
| r-devel-linux-x86_64-debian-gcc | 1.0.0 | 1.52 | 21.38 | 22.90 | NOTE | |
| r-devel-linux-x86_64-fedora-clang | 1.0.0 | 45.65 | OK | |||
| r-devel-linux-x86_64-fedora-gcc | 1.0.0 | 43.67 | OK | |||
| r-devel-windows-x86_64 | 1.0.0 | 3.00 | 45.00 | 48.00 | OK | |
| r-patched-linux-x86_64 | 1.0.0 | 1.95 | 26.52 | 28.47 | OK | |
| r-release-linux-x86_64 | 1.0.0 | 1.70 | 26.43 | 28.13 | OK | |
| r-release-macos-arm64 | 1.0.0 | 1.00 | 17.00 | 18.00 | OK | |
| r-release-macos-x86_64 | 1.0.0 | 2.00 | 28.00 | 30.00 | OK | |
| r-release-windows-x86_64 | 1.0.0 | 3.00 | 45.00 | 48.00 | OK | |
| r-oldrel-macos-arm64 | 1.0.0 | 1.00 | 17.00 | 18.00 | OK | |
| r-oldrel-macos-x86_64 | 1.0.0 | 2.00 | 23.00 | 25.00 | OK | |
| r-oldrel-windows-x86_64 | 1.0.0 | 4.00 | 50.00 | 54.00 | OK | 
Version: 1.0.0
Check: CRAN incoming feasibility
Result: NOTE
  Maintainer: ‘Tao Wang <tao.wang@utsouthwestern.edu>’
  
  No Authors@R field in DESCRIPTION.
  Please add one, modifying
    Authors@R: person(given = "Tao",
                      family = "Wang",
                      role = c("aut", "cre"),
                      email = "tao.wang@utsouthwestern.edu")
  as necessary.
Flavors: r-devel-linux-x86_64-debian-clang, r-devel-linux-x86_64-debian-gcc