CRAN Package Check Results for Package DidacticBoost

Last updated on 2025-07-13 00:48:24 CEST.

Flavor Version Tinstall Tcheck Ttotal Status Flags
r-devel-linux-x86_64-debian-clang 0.1.1 1.45 19.02 20.47 OK
r-devel-linux-x86_64-debian-gcc 0.1.1 1.37 16.19 17.56 OK
r-devel-linux-x86_64-fedora-clang 0.1.1 32.62 OK
r-devel-linux-x86_64-fedora-gcc 0.1.1 30.59 OK
r-devel-windows-x86_64 0.1.1 3.00 40.00 43.00 OK
r-patched-linux-x86_64 0.1.1 1.70 18.34 20.04 OK
r-release-linux-x86_64 0.1.1 1.65 18.16 19.81 OK
r-release-macos-arm64 0.1.1 16.00 OK
r-release-macos-x86_64 0.1.1 24.00 OK
r-release-windows-x86_64 0.1.1 2.00 41.00 43.00 OK
r-oldrel-macos-arm64 0.1.1 15.00 NOTE
r-oldrel-macos-x86_64 0.1.1 22.00 NOTE
r-oldrel-windows-x86_64 0.1.1 2.00 45.00 47.00 NOTE

Check Details

Version: 0.1.1
Check: LazyData
Result: NOTE 'LazyData' is specified without a 'data' directory Flavors: r-oldrel-macos-arm64, r-oldrel-macos-x86_64, r-oldrel-windows-x86_64

mirror server hosted at Truenetwork, Russian Federation.