Last updated on 2025-11-04 11:52:28 CET.
| Flavor | Version | Tinstall | Tcheck | Ttotal | Status | Flags | 
|---|---|---|---|---|---|---|
| r-devel-linux-x86_64-debian-clang | 1.0.4 | 20.92 | 173.22 | 194.14 | OK | |
| r-devel-linux-x86_64-debian-gcc | 1.0.4 | 14.21 | 123.59 | 137.80 | OK | |
| r-devel-linux-x86_64-fedora-clang | 1.0.4 | 146.00 | 173.31 | 319.31 | OK | |
| r-devel-linux-x86_64-fedora-gcc | 1.0.4 | 40.00 | 251.77 | 291.77 | OK | |
| r-devel-windows-x86_64 | 1.0.4 | 2.00 | 6.00 | 8.00 | ERROR | |
| r-patched-linux-x86_64 | 1.0.4 | 20.38 | 162.16 | 182.54 | OK | |
| r-release-linux-x86_64 | 1.0.4 | 20.86 | 164.65 | 185.51 | OK | |
| r-release-macos-arm64 | 1.0.4 | 9.00 | 72.00 | 81.00 | OK | |
| r-release-macos-x86_64 | 1.0.4 | 21.00 | 144.00 | 165.00 | OK | |
| r-release-windows-x86_64 | 1.0.4 | 2.00 | 5.00 | 7.00 | ERROR | |
| r-oldrel-macos-arm64 | 1.0.4 | 9.00 | 75.00 | 84.00 | OK | |
| r-oldrel-macos-x86_64 | 1.0.4 | 19.00 | 148.00 | 167.00 | OK | |
| r-oldrel-windows-x86_64 | 1.0.4 | 28.00 | 202.00 | 230.00 | OK | 
Version: 1.0.4
Check: whether package can be installed
Result: ERROR
  Installation failed.
Flavors: r-devel-windows-x86_64, r-release-windows-x86_64