Last updated on 2025-11-04 11:52:28 CET.
| Flavor | Version | Tinstall | Tcheck | Ttotal | Status | Flags | 
|---|---|---|---|---|---|---|
| r-devel-linux-x86_64-debian-clang | 0.4.2 | 6.23 | 61.67 | 67.90 | NOTE | |
| r-devel-linux-x86_64-debian-gcc | 0.4.2 | 4.59 | 43.57 | 48.16 | NOTE | |
| r-devel-linux-x86_64-fedora-clang | 0.4.2 | 16.00 | 87.94 | 103.94 | OK | |
| r-devel-linux-x86_64-fedora-gcc | 0.4.2 | 15.00 | 78.92 | 93.92 | OK | |
| r-devel-windows-x86_64 | 0.4.2 | 8.00 | 74.00 | 82.00 | OK | |
| r-patched-linux-x86_64 | 0.4.2 | 6.61 | 56.64 | 63.25 | OK | |
| r-release-linux-x86_64 | 0.4.2 | 6.37 | 57.11 | 63.48 | OK | |
| r-release-macos-arm64 | 0.4.2 | 3.00 | 26.00 | 29.00 | OK | |
| r-release-macos-x86_64 | 0.4.2 | 5.00 | 49.00 | 54.00 | OK | |
| r-release-windows-x86_64 | 0.4.2 | 8.00 | 71.00 | 79.00 | OK | |
| r-oldrel-macos-arm64 | 0.4.2 | 3.00 | 27.00 | 30.00 | OK | |
| r-oldrel-macos-x86_64 | 0.4.2 | 4.00 | 41.00 | 45.00 | OK | |
| r-oldrel-windows-x86_64 | 0.4.2 | 11.00 | 87.00 | 98.00 | OK | 
Version: 0.4.2
Check: CRAN incoming feasibility
Result: NOTE
  Maintainer: ‘Leihong Wu <leihong.wu@fda.hhs.gov>’
  
  No Authors@R field in DESCRIPTION.
  Please add one, modifying
    Authors@R: c(person(given = "Leihong",
                        family = "Wu",
                        role = c("aut", "cre"),
                        email = "leihong.wu@fda.hhs.gov"),
                 person(given = "Weida",
                        family = "Tong",
                        role = "aut",
                        comment = "Weida.tong@fda.hhs.gov"))
  as necessary.
Flavors: r-devel-linux-x86_64-debian-clang, r-devel-linux-x86_64-debian-gcc