Last updated on 2025-10-14 12:50:22 CEST.
Flavor | Version | Tinstall | Tcheck | Ttotal | Status | Flags |
---|---|---|---|---|---|---|
r-devel-linux-x86_64-debian-clang | 2.1.6 | 119.62 | 167.93 | 287.55 | OK | |
r-devel-linux-x86_64-debian-gcc | 2.1.6 | 67.24 | 117.18 | 184.42 | OK | |
r-devel-linux-x86_64-fedora-clang | 2.1.6 | 527.93 | OK | |||
r-devel-linux-x86_64-fedora-gcc | 2.1.6 | 427.64 | OK | |||
r-devel-windows-x86_64 | 2.1.6 | 125.00 | 200.00 | 325.00 | OK | |
r-patched-linux-x86_64 | 2.1.5 | 104.63 | 152.44 | 257.07 | NOTE | |
r-release-linux-x86_64 | 2.1.5 | 110.13 | 152.67 | 262.80 | NOTE | |
r-release-macos-arm64 | 2.1.6 | 106.00 | OK | |||
r-release-macos-x86_64 | 2.1.6 | 174.00 | OK | |||
r-release-windows-x86_64 | 2.1.5 | 130.00 | 185.00 | 315.00 | NOTE | |
r-oldrel-macos-arm64 | 2.1.6 | 111.00 | OK | |||
r-oldrel-macos-x86_64 | 2.1.6 | 191.00 | OK | |||
r-oldrel-windows-x86_64 | 2.1.6 | 133.00 | 245.00 | 378.00 | OK |
Version: 2.1.5
Check: C++ specification
Result: NOTE
Specified C++11: please drop specification unless essential
Flavors: r-patched-linux-x86_64, r-release-linux-x86_64, r-release-windows-x86_64
Version: 2.1.5
Check: Rd files
Result: NOTE
checkRd: (-1) asymmetryCurve.Rd:38: Lost braces; missing escapes or markup?
38 | For sample depth function \eqn{ D({x}, {{{Z}} ^ {n}}) }, \eqn{ {x} \in {{{R}} ^ {d}} }, \eqn{ d \ge 2 }, \eqn{ {Z} ^ {n} = \{{{{z}}_{1}}, ..., {{{z}}_{n}}\} \subset {{{R}} ^ {d}} }, \eqn{ {{D}_{\alpha}}({{{Z}} ^ {n}}) } denoting \eqn{ \alpha } --- central region, we can define {the asymmetry curve} \eqn{ AC(\alpha) = \left(\alpha, \left\| {{c} ^ {-1}}(\{{\bar{z}} - med|{{D}_{\alpha}}({{{Z}} ^ {n}})\}) \right\|\right) \subset {{{R}} ^ {2}} }, for \eqn{ \alpha \in [0, 1] } being nonparametric scale and asymmetry functional correspondingly, where \eqn{ c } --- denotes constant, \eqn{ {\bar{z}} } --- denotes mean vector, denotes multivariate median induced by depth function and \eqn{ vol } --- denotes a volume.
| ^
checkRd: (-1) mWilcoxonTest.Rd:26: Lost braces; missing escapes or markup?
26 | Properties of the DD plot based statistics in the i.i.d setting were studied by Li & Liu (2004). Authors proposed several DD-plot based statistics and presented bootstrap arguments for their consistency and good effectiveness in comparison to Hotelling \eqn{ T ^ 2 } and multivariate analogues of Ansari-Bradley and Tukey-Siegel statistics. Asymptotic distributions of depth based multivariate Wilcoxon rank-sum test statistic under the null and general alternative hypotheses were obtained by Zuo & He (2006). Several properties of the depth based rang test involving its unbiasedness was critically discussed by Jureckova & Kalina (2012). Basing on DD-plot object, which is available within the \pkg{DepthProc} it is possible to define several multivariate generalizations of one-dimensional rank and order statistics in an easy way. These generalizations cover well known {Wilcoxon rang-sum statistic}.
| ^
Flavors: r-patched-linux-x86_64, r-release-linux-x86_64, r-release-windows-x86_64