CRAN Package Check Results for Package DeclareDesign

Last updated on 2025-07-12 18:49:38 CEST.

Flavor Version Tinstall Tcheck Ttotal Status Flags
r-devel-linux-x86_64-debian-clang 1.0.10 6.51 205.57 212.08 NOTE
r-devel-linux-x86_64-debian-gcc 1.0.10 4.52 138.06 142.58 NOTE
r-devel-linux-x86_64-fedora-clang 1.0.10 333.02 OK
r-devel-linux-x86_64-fedora-gcc 1.0.10 317.57 OK
r-devel-windows-x86_64 1.0.10 11.00 184.00 195.00 NOTE
r-patched-linux-x86_64 1.0.10 6.47 195.93 202.40 NOTE
r-release-linux-x86_64 1.0.10 5.69 195.78 201.47 NOTE
r-release-macos-arm64 1.0.10 108.00 OK
r-release-macos-x86_64 1.0.10 246.00 OK
r-release-windows-x86_64 1.0.10 11.00 192.00 203.00 NOTE
r-oldrel-macos-arm64 1.0.10 94.00 OK
r-oldrel-macos-x86_64 1.0.10 149.00 OK
r-oldrel-windows-x86_64 1.0.10 14.00 261.00 275.00 OK

Check Details

Version: 1.0.10
Check: Rd cross-references
Result: NOTE Found the following Rd file(s) with Rd \link{} targets missing package anchors: declare_estimator.Rd: lm_robust, estimatr, glance Please provide package anchors for all Rd \link{} targets not in the package itself and the base packages. Flavors: r-devel-linux-x86_64-debian-clang, r-devel-linux-x86_64-debian-gcc, r-devel-windows-x86_64, r-patched-linux-x86_64, r-release-linux-x86_64, r-release-windows-x86_64

mirror server hosted at Truenetwork, Russian Federation.