Last updated on 2025-07-13 18:52:42 CEST.
Flavor | Version | Tinstall | Tcheck | Ttotal | Status | Flags |
---|---|---|---|---|---|---|
r-devel-linux-x86_64-debian-clang | 0.2 | 19.89 | 149.41 | 169.30 | NOTE | |
r-devel-linux-x86_64-debian-gcc | 0.2 | 11.97 | 101.63 | 113.60 | NOTE | |
r-devel-linux-x86_64-fedora-clang | 0.2 | 267.76 | OK | |||
r-devel-linux-x86_64-fedora-gcc | 0.2 | 244.62 | OK | |||
r-devel-windows-x86_64 | 0.2 | 18.00 | 128.00 | 146.00 | OK | |
r-patched-linux-x86_64 | 0.2 | 18.20 | 138.50 | 156.70 | OK | |
r-release-linux-x86_64 | 0.2 | 17.17 | 137.11 | 154.28 | OK | |
r-release-macos-arm64 | 0.2 | 66.00 | OK | |||
r-release-macos-x86_64 | 0.2 | 133.00 | OK | |||
r-release-windows-x86_64 | 0.2 | 18.00 | 140.00 | 158.00 | OK | |
r-oldrel-macos-arm64 | 0.2 | 64.00 | OK | |||
r-oldrel-macos-x86_64 | 0.2 | 130.00 | OK | |||
r-oldrel-windows-x86_64 | 0.2 | 25.00 | 181.00 | 206.00 | OK |
Version: 0.2
Check: CRAN incoming feasibility
Result: NOTE
Maintainer: ‘Yikun Zhang <yikunzhang@foxmail.com>’
The Description field contains
Giessing, and Chen (2023) <arXiv:2309.06429>.
Please refer to arXiv e-prints via their arXiv DOI <doi:10.48550/arXiv.YYMM.NNNNN>.
Flavors: r-devel-linux-x86_64-debian-clang, r-devel-linux-x86_64-debian-gcc