Last updated on 2025-05-26 00:48:29 CEST.
Flavor | Version | Tinstall | Tcheck | Ttotal | Status | Flags |
---|---|---|---|---|---|---|
r-devel-linux-x86_64-debian-clang | 3.3.3 | 19.62 | 51.97 | 71.59 | NOTE | |
r-devel-linux-x86_64-debian-gcc | 3.3.3 | 13.26 | 38.97 | 52.23 | NOTE | |
r-devel-linux-x86_64-fedora-clang | 3.3.3 | 123.33 | NOTE | |||
r-devel-linux-x86_64-fedora-gcc | 3.3.3 | 118.85 | NOTE | |||
r-devel-windows-x86_64 | 3.3.3 | 27.00 | 85.00 | 112.00 | NOTE | |
r-patched-linux-x86_64 | 3.3.3 | 17.96 | 48.86 | 66.82 | NOTE | |
r-release-linux-x86_64 | 3.3.3 | 18.21 | 49.08 | 67.29 | NOTE | |
r-release-macos-arm64 | 3.3.3 | 43.00 | NOTE | |||
r-release-macos-x86_64 | 3.3.3 | 55.00 | NOTE | |||
r-release-windows-x86_64 | 3.3.3 | 24.00 | 83.00 | 107.00 | NOTE | |
r-oldrel-macos-arm64 | 3.3.3 | 36.00 | NOTE | |||
r-oldrel-macos-x86_64 | 3.3.3 | 48.00 | NOTE | |||
r-oldrel-windows-x86_64 | 3.3.3 | 29.00 | 104.00 | 133.00 | NOTE |
Version: 3.3.3
Check: C++ specification
Result: NOTE
Specified C++14: please drop specification unless essential
Flavors: r-devel-linux-x86_64-debian-clang, r-devel-linux-x86_64-debian-gcc, r-devel-linux-x86_64-fedora-clang, r-devel-linux-x86_64-fedora-gcc, r-devel-windows-x86_64, r-patched-linux-x86_64, r-release-linux-x86_64, r-release-macos-arm64, r-release-macos-x86_64, r-release-windows-x86_64, r-oldrel-macos-arm64, r-oldrel-macos-x86_64, r-oldrel-windows-x86_64