Last updated on 2025-11-04 05:51:08 CET.
| Flavor | Version | Tinstall | Tcheck | Ttotal | Status | Flags | 
|---|---|---|---|---|---|---|
| r-devel-linux-x86_64-debian-clang | 1.3.5 | 41.73 | 232.81 | 274.54 | OK | |
| r-devel-linux-x86_64-debian-gcc | 1.4.0 | 31.84 | 140.45 | 172.29 | OK | |
| r-devel-linux-x86_64-fedora-clang | 1.4.0 | 75.00 | 357.22 | 432.22 | OK | |
| r-devel-linux-x86_64-fedora-gcc | 1.4.0 | 75.00 | 356.37 | 431.37 | OK | |
| r-devel-windows-x86_64 | 1.4.0 | 61.00 | 224.00 | 285.00 | OK | |
| r-patched-linux-x86_64 | 1.3.5 | 43.72 | 220.71 | 264.43 | OK | |
| r-release-linux-x86_64 | 1.4.0 | 46.41 | 204.96 | 251.37 | OK | |
| r-release-macos-arm64 | 1.4.0 | 22.00 | 77.00 | 99.00 | OK | |
| r-release-macos-x86_64 | 1.4.0 | 30.00 | 188.00 | 218.00 | OK | |
| r-release-windows-x86_64 | 1.4.0 | 56.00 | 220.00 | 276.00 | OK | |
| r-oldrel-macos-arm64 | 1.4.0 | 19.00 | 79.00 | 98.00 | NOTE | |
| r-oldrel-macos-x86_64 | 1.4.0 | 27.00 | 166.00 | 193.00 | NOTE | |
| r-oldrel-windows-x86_64 | 1.4.0 | 83.00 | 288.00 | 371.00 | NOTE | 
Version: 1.4.0
Check: installed package size
Result: NOTE
    installed size is  6.6Mb
    sub-directories of 1Mb or more:
      doc    3.3Mb
      libs   1.4Mb
Flavors: r-oldrel-macos-arm64, r-oldrel-macos-x86_64, r-oldrel-windows-x86_64
Version: 1.4.0
Check: for GNU extensions in Makefiles
Result: NOTE
  GNU make is a SystemRequirements.
Flavors: r-oldrel-macos-arm64, r-oldrel-macos-x86_64, r-oldrel-windows-x86_64