Last updated on 2025-11-03 17:49:48 CET.
| Flavor | Version | Tinstall | Tcheck | Ttotal | Status | Flags |
|---|---|---|---|---|---|---|
| r-devel-linux-x86_64-debian-clang | 0.1.0 | 51.43 | 404.98 | 456.41 | OK | |
| r-devel-linux-x86_64-debian-gcc | 0.1.0 | 34.33 | 285.38 | 319.71 | OK | |
| r-devel-linux-x86_64-fedora-clang | 0.1.0 | 253.00 | 539.17 | 792.17 | OK | |
| r-devel-linux-x86_64-fedora-gcc | 0.1.0 | 122.00 | 577.60 | 699.60 | OK | |
| r-devel-windows-x86_64 | 0.1.0 | 52.00 | 342.00 | 394.00 | OK | |
| r-patched-linux-x86_64 | 0.1.0 | 0.29 | 1.80 | 2.09 | ERROR | |
| r-release-linux-x86_64 | 0.1.0 | 48.62 | 389.75 | 438.37 | OK | |
| r-release-macos-arm64 | 0.1.0 | 22.00 | 146.00 | 168.00 | OK | |
| r-release-macos-x86_64 | 0.1.0 | 42.00 | 290.00 | 332.00 | OK | |
| r-release-windows-x86_64 | 0.1.0 | 65.00 | 337.00 | 402.00 | OK | |
| r-oldrel-macos-arm64 | 0.1.0 | 22.00 | 146.00 | 168.00 | OK | |
| r-oldrel-macos-x86_64 | 0.1.0 | 34.00 | 249.00 | 283.00 | OK | |
| r-oldrel-windows-x86_64 | 0.1.0 | 67.00 | 473.00 | 540.00 | OK |
Version: 0.1.0
Check: package dependencies
Result: ERROR
Packages required but not available: 'MAST', 'SummarizedExperiment'
See section ‘The DESCRIPTION file’ in the ‘Writing R Extensions’
manual.
Flavor: r-patched-linux-x86_64