Last updated on 2025-11-04 11:52:29 CET.
| Flavor | Version | Tinstall | Tcheck | Ttotal | Status | Flags |
|---|---|---|---|---|---|---|
| r-devel-linux-x86_64-debian-clang | 2.3 | 32.48 | 293.40 | 325.88 | NOTE | |
| r-devel-linux-x86_64-debian-gcc | 2.3 | 21.84 | 186.72 | 208.56 | NOTE | |
| r-devel-linux-x86_64-fedora-clang | 2.3 | 116.00 | 414.58 | 530.58 | OK | |
| r-devel-linux-x86_64-fedora-gcc | 2.3 | 72.00 | 427.44 | 499.44 | OK | |
| r-devel-windows-x86_64 | 2.3 | 32.00 | 224.00 | 256.00 | OK | |
| r-patched-linux-x86_64 | 2.3 | 32.60 | 281.20 | 313.80 | OK | |
| r-release-linux-x86_64 | 2.3 | 29.23 | 277.81 | 307.04 | OK | |
| r-release-macos-arm64 | 2.3 | 15.00 | 105.00 | 120.00 | OK | |
| r-release-macos-x86_64 | 2.3 | 29.00 | 226.00 | 255.00 | OK | |
| r-release-windows-x86_64 | 2.3 | 30.00 | 221.00 | 251.00 | OK | |
| r-oldrel-macos-arm64 | 2.3 | 14.00 | 105.00 | 119.00 | OK | |
| r-oldrel-macos-x86_64 | 2.3 | 22.00 | 168.00 | 190.00 | OK | |
| r-oldrel-windows-x86_64 | 2.3 | 49.00 | 315.00 | 364.00 | OK |
Version: 2.3
Check: CRAN incoming feasibility
Result: NOTE
Maintainer: ‘Alvaro Briz-Redon <alvaro.briz@uv.es>’
No Authors@R field in DESCRIPTION.
Please add one, modifying
Authors@R: person(given = "Alvaro",
family = "Briz-Redon",
role = c("aut", "cre"),
email = "alvaro.briz@uv.es")
as necessary.
Flavors: r-devel-linux-x86_64-debian-clang, r-devel-linux-x86_64-debian-gcc