Last updated on 2025-02-21 17:50:39 CET.
Flavor | Version | Tinstall | Tcheck | Ttotal | Status | Flags |
---|---|---|---|---|---|---|
r-devel-linux-x86_64-debian-clang | 3.4 | 107.34 | 264.86 | 372.20 | NOTE | |
r-devel-linux-x86_64-debian-gcc | 3.4 | 77.03 | 177.84 | 254.87 | NOTE | |
r-devel-linux-x86_64-fedora-clang | 3.4 | 619.81 | OK | |||
r-devel-linux-x86_64-fedora-gcc | 3.4 | 611.10 | OK | |||
r-devel-macos-arm64 | 3.4 | 158.00 | OK | |||
r-devel-macos-x86_64 | 3.4 | 268.00 | OK | |||
r-devel-windows-x86_64 | 3.4 | 106.00 | 243.00 | 349.00 | NOTE | |
r-patched-linux-x86_64 | 3.4 | 114.25 | 247.03 | 361.28 | OK | |
r-release-linux-x86_64 | 3.4 | 113.24 | 249.97 | 363.21 | OK | |
r-release-macos-arm64 | 3.4 | 152.00 | NOTE | |||
r-release-macos-x86_64 | 3.4 | 216.00 | NOTE | |||
r-release-windows-x86_64 | 3.4 | 105.00 | 241.00 | 346.00 | OK | |
r-oldrel-macos-arm64 | 3.4 | 163.00 | NOTE | |||
r-oldrel-macos-x86_64 | 3.4 | 364.00 | NOTE | |||
r-oldrel-windows-x86_64 | 3.4 | 139.00 | 323.00 | 462.00 | OK |
Version: 3.4
Check: Rd cross-references
Result: NOTE
Found the following Rd file(s) with Rd \link{} targets missing package
anchors:
DR.SC.Rd: Seurat
drscPlot.Rd: DimPlot
readscRNAseq.Rd: ReadMtx
Please provide package anchors for all Rd \link{} targets not in the
package itself and the base packages.
Flavors: r-devel-linux-x86_64-debian-clang, r-devel-linux-x86_64-debian-gcc, r-devel-windows-x86_64
Version: 3.4
Check: installed package size
Result: NOTE
installed size is 9.6Mb
sub-directories of 1Mb or more:
data 1.6Mb
libs 7.7Mb
Flavors: r-release-macos-arm64, r-release-macos-x86_64, r-oldrel-macos-arm64, r-oldrel-macos-x86_64