Last updated on 2025-07-13 00:48:24 CEST.
Flavor | Version | Tinstall | Tcheck | Ttotal | Status | Flags |
---|---|---|---|---|---|---|
r-devel-linux-x86_64-debian-clang | 3.5 | 106.78 | 278.47 | 385.25 | OK | |
r-devel-linux-x86_64-debian-gcc | 3.5 | 81.10 | 182.23 | 263.33 | OK | |
r-devel-linux-x86_64-fedora-clang | 3.5 | 681.84 | OK | |||
r-devel-linux-x86_64-fedora-gcc | 3.5 | 607.28 | OK | |||
r-devel-windows-x86_64 | 3.5 | 113.00 | 254.00 | 367.00 | OK | |
r-patched-linux-x86_64 | 3.5 | 114.67 | 259.69 | 374.36 | OK | |
r-release-linux-x86_64 | 3.5 | 111.27 | 258.27 | 369.54 | OK | |
r-release-macos-arm64 | 3.5 | 204.00 | OK | |||
r-release-macos-x86_64 | 3.5 | 240.00 | OK | |||
r-release-windows-x86_64 | 3.5 | 114.00 | 261.00 | 375.00 | OK | |
r-oldrel-macos-arm64 | 3.5 | 148.00 | NOTE | |||
r-oldrel-macos-x86_64 | 3.5 | 236.00 | NOTE | |||
r-oldrel-windows-x86_64 | 3.5 | 147.00 | 359.00 | 506.00 | OK |
Version: 3.5
Check: installed package size
Result: NOTE
installed size is 9.8Mb
sub-directories of 1Mb or more:
data 1.6Mb
libs 7.9Mb
Flavors: r-oldrel-macos-arm64, r-oldrel-macos-x86_64