Last updated on 2025-11-04 11:52:29 CET.
| Flavor | Version | Tinstall | Tcheck | Ttotal | Status | Flags | 
|---|---|---|---|---|---|---|
| r-devel-linux-x86_64-debian-clang | 3.0.2 | 33.43 | 87.26 | 120.69 | OK | |
| r-devel-linux-x86_64-debian-gcc | 3.0.2 | 23.74 | 65.17 | 88.91 | OK | |
| r-devel-linux-x86_64-fedora-clang | 3.0.2 | 109.00 | 84.65 | 193.65 | OK | |
| r-devel-linux-x86_64-fedora-gcc | 3.0.2 | 78.00 | 108.78 | 186.78 | OK | |
| r-devel-windows-x86_64 | 3.0.2 | 38.00 | 104.00 | 142.00 | OK | |
| r-patched-linux-x86_64 | 3.0.2 | 28.85 | 84.14 | 112.99 | OK | |
| r-release-linux-x86_64 | 3.0.2 | 32.36 | 85.32 | 117.68 | OK | |
| r-release-macos-arm64 | 3.0.2 | 14.00 | 36.00 | 50.00 | OK | |
| r-release-macos-x86_64 | 3.0.2 | 22.00 | 60.00 | 82.00 | OK | |
| r-release-windows-x86_64 | 3.0.2 | 36.00 | 101.00 | 137.00 | OK | |
| r-oldrel-macos-arm64 | 3.0.2 | 14.00 | 41.00 | 55.00 | NOTE | |
| r-oldrel-macos-x86_64 | 3.0.2 | 24.00 | 62.00 | 86.00 | NOTE | |
| r-oldrel-windows-x86_64 | 3.0.2 | 43.00 | 130.00 | 173.00 | OK | 
Version: 3.0.2
Check: installed package size
Result: NOTE
    installed size is  7.5Mb
    sub-directories of 1Mb or more:
      libs   7.2Mb
Flavors: r-oldrel-macos-arm64, r-oldrel-macos-x86_64