CRAN Package Check Results for Package DPP

Last updated on 2025-07-13 06:48:22 CEST.

Flavor Version Tinstall Tcheck Ttotal Status Flags
r-devel-linux-x86_64-debian-clang 0.1.2 34.02 45.69 79.71 OK
r-devel-linux-x86_64-debian-gcc 0.1.2 27.69 33.75 61.44 OK
r-devel-linux-x86_64-fedora-clang 0.1.2 141.04 OK
r-devel-linux-x86_64-fedora-gcc 0.1.2 155.82 OK
r-devel-windows-x86_64 0.1.2 39.00 85.00 124.00 OK
r-patched-linux-x86_64 0.1.2 38.82 43.43 82.25 OK
r-release-linux-x86_64 0.1.2 34.70 43.31 78.01 OK
r-release-macos-arm64 0.1.2 81.00 OK
r-release-macos-x86_64 0.1.2 91.00 OK
r-release-windows-x86_64 0.1.2 38.00 89.00 127.00 OK
r-oldrel-macos-arm64 0.1.2 42.00 NOTE
r-oldrel-macos-x86_64 0.1.2 72.00 NOTE
r-oldrel-windows-x86_64 0.1.2 33.00 100.00 133.00 OK

Check Details

Version: 0.1.2
Check: installed package size
Result: NOTE installed size is 6.3Mb sub-directories of 1Mb or more: libs 5.7Mb Flavors: r-oldrel-macos-arm64, r-oldrel-macos-x86_64

mirror server hosted at Truenetwork, Russian Federation.