Last updated on 2025-02-21 17:50:39 CET.
Flavor | Version | Tinstall | Tcheck | Ttotal | Status | Flags |
---|---|---|---|---|---|---|
r-devel-linux-x86_64-debian-clang | 1.10 | 63.60 | 204.95 | 268.55 | OK | |
r-devel-linux-x86_64-debian-gcc | 1.10 | 46.22 | 120.47 | 166.69 | OK | |
r-devel-linux-x86_64-fedora-clang | 1.10 | 465.96 | OK | |||
r-devel-linux-x86_64-fedora-gcc | 1.10 | 451.30 | OK | |||
r-devel-macos-arm64 | 1.10 | 111.00 | OK | |||
r-devel-macos-x86_64 | 1.10 | 200.00 | OK | |||
r-devel-windows-x86_64 | 1.10 | 66.00 | 216.00 | 282.00 | OK | |
r-patched-linux-x86_64 | 1.10 | 63.37 | 179.27 | 242.64 | OK | |
r-release-linux-x86_64 | 1.10 | 66.73 | 178.76 | 245.49 | OK | |
r-release-macos-arm64 | 1.10 | 119.00 | NOTE | |||
r-release-macos-x86_64 | 1.10 | 158.00 | NOTE | |||
r-release-windows-x86_64 | 1.10 | 67.00 | 212.00 | 279.00 | OK | |
r-oldrel-macos-arm64 | 1.10 | 131.00 | NOTE | |||
r-oldrel-macos-x86_64 | 1.10 | 227.00 | NOTE | |||
r-oldrel-windows-x86_64 | 1.10 | 81.00 | 280.00 | 361.00 | OK |
Version: 1.10
Check: installed package size
Result: NOTE
installed size is 5.0Mb
sub-directories of 1Mb or more:
libs 4.4Mb
Flavors: r-release-macos-arm64, r-release-macos-x86_64, r-oldrel-macos-arm64, r-oldrel-macos-x86_64