Last updated on 2025-07-13 18:52:42 CEST.
Flavor | Version | Tinstall | Tcheck | Ttotal | Status | Flags |
---|---|---|---|---|---|---|
r-devel-linux-x86_64-debian-clang | 6.0.6 | 96.00 | 102.86 | 198.86 | NOTE | |
r-devel-linux-x86_64-debian-gcc | 6.0.6 | 75.70 | 67.57 | 143.27 | NOTE | |
r-devel-linux-x86_64-fedora-clang | 6.0.6 | 325.96 | NOTE | |||
r-devel-linux-x86_64-fedora-gcc | 6.0.6 | 342.46 | NOTE | |||
r-devel-windows-x86_64 | 6.0.6 | 100.00 | 169.00 | 269.00 | NOTE | --no-vignettes |
r-patched-linux-x86_64 | 6.0.6 | 112.56 | 93.52 | 206.08 | NOTE | |
r-release-linux-x86_64 | 6.0.6 | 103.57 | 93.85 | 197.42 | NOTE | |
r-release-macos-arm64 | 6.0.6 | 81.00 | NOTE | |||
r-release-macos-x86_64 | 6.0.6 | 156.00 | NOTE | |||
r-release-windows-x86_64 | 6.0.6 | 98.00 | 176.00 | 274.00 | NOTE | --no-vignettes |
r-oldrel-macos-arm64 | 6.0.6 | 75.00 | NOTE | |||
r-oldrel-macos-x86_64 | 6.0.6 | 138.00 | NOTE | |||
r-oldrel-windows-x86_64 | 6.0.6 | 121.00 | 190.00 | 311.00 | NOTE | --no-vignettes |
Version: 6.0.6
Check: package subdirectories
Result: NOTE
Problems with news in ‘NEWS.md’:
Cannot extract version info from the following section titles:
Changes to previous versions
Minor changes
Fixes
Previous Versions
Flavors: r-devel-linux-x86_64-debian-clang, r-devel-linux-x86_64-debian-gcc, r-devel-linux-x86_64-fedora-clang, r-devel-linux-x86_64-fedora-gcc, r-patched-linux-x86_64, r-release-linux-x86_64, r-release-macos-arm64, r-release-macos-x86_64, r-oldrel-macos-arm64, r-oldrel-macos-x86_64
Version: 6.0.6
Flags: --no-vignettes
Check: package subdirectories
Result: NOTE
Problems with news in 'NEWS.md':
Cannot extract version info from the following section titles:
Changes to previous versions
Minor changes
Fixes
Previous Versions
Flavors: r-devel-windows-x86_64, r-release-windows-x86_64, r-oldrel-windows-x86_64
Version: 6.0.6
Check: installed package size
Result: NOTE
installed size is 47.9Mb
sub-directories of 1Mb or more:
libs 47.2Mb
Flavors: r-oldrel-macos-arm64, r-oldrel-macos-x86_64
Version: 6.0.6
Flags: --no-vignettes
Check: installed package size
Result: NOTE
installed size is 14.2Mb
sub-directories of 1Mb or more:
libs 13.5Mb
Flavor: r-oldrel-windows-x86_64