Last updated on 2025-05-26 00:48:30 CEST.
Flavor | Version | Tinstall | Tcheck | Ttotal | Status | Flags |
---|---|---|---|---|---|---|
r-devel-linux-x86_64-debian-clang | 6.0.6 | 92.94 | 103.53 | 196.47 | NOTE | |
r-devel-linux-x86_64-debian-gcc | 6.0.6 | 76.58 | 69.89 | 146.47 | NOTE | |
r-devel-linux-x86_64-fedora-clang | 6.0.6 | 330.10 | NOTE | |||
r-devel-linux-x86_64-fedora-gcc | 6.0.6 | 382.88 | NOTE | |||
r-devel-windows-x86_64 | 6.0.6 | 92.00 | 171.00 | 263.00 | NOTE | --no-vignettes |
r-patched-linux-x86_64 | 6.0.6 | 103.32 | 93.30 | 196.62 | NOTE | |
r-release-linux-x86_64 | 6.0.6 | 106.52 | 93.74 | 200.26 | NOTE | |
r-release-macos-arm64 | 6.0.6 | 81.00 | NOTE | |||
r-release-macos-x86_64 | 6.0.6 | 156.00 | NOTE | |||
r-release-windows-x86_64 | 6.0.6 | 101.00 | 171.00 | 272.00 | NOTE | --no-vignettes |
r-oldrel-macos-arm64 | 6.0.6 | 75.00 | NOTE | |||
r-oldrel-macos-x86_64 | 6.0.6 | 138.00 | NOTE | |||
r-oldrel-windows-x86_64 | 6.0.6 | 123.00 | 195.00 | 318.00 | NOTE | --no-vignettes |
Version: 6.0.6
Check: package subdirectories
Result: NOTE
Problems with news in ‘NEWS.md’:
Cannot extract version info from the following section titles:
Changes to previous versions
Minor changes
Fixes
Previous Versions
Flavors: r-devel-linux-x86_64-debian-clang, r-devel-linux-x86_64-debian-gcc, r-devel-linux-x86_64-fedora-clang, r-devel-linux-x86_64-fedora-gcc, r-patched-linux-x86_64, r-release-linux-x86_64, r-release-macos-arm64, r-release-macos-x86_64, r-oldrel-macos-arm64, r-oldrel-macos-x86_64
Version: 6.0.6
Flags: --no-vignettes
Check: package subdirectories
Result: NOTE
Problems with news in 'NEWS.md':
Cannot extract version info from the following section titles:
Changes to previous versions
Minor changes
Fixes
Previous Versions
Flavors: r-devel-windows-x86_64, r-release-windows-x86_64, r-oldrel-windows-x86_64
Version: 6.0.6
Check: installed package size
Result: NOTE
installed size is 47.9Mb
sub-directories of 1Mb or more:
libs 47.2Mb
Flavors: r-oldrel-macos-arm64, r-oldrel-macos-x86_64
Version: 6.0.6
Flags: --no-vignettes
Check: installed package size
Result: NOTE
installed size is 14.2Mb
sub-directories of 1Mb or more:
libs 13.5Mb
Flavor: r-oldrel-windows-x86_64