Last updated on 2025-11-04 11:52:28 CET.
| Flavor | Version | Tinstall | Tcheck | Ttotal | Status | Flags | 
|---|---|---|---|---|---|---|
| r-devel-linux-x86_64-debian-clang | 0.1.0 | 16.20 | 111.39 | 127.59 | NOTE | |
| r-devel-linux-x86_64-debian-gcc | 0.1.0 | 12.05 | 80.41 | 92.46 | NOTE | |
| r-devel-linux-x86_64-fedora-clang | 0.1.0 | 79.00 | 127.99 | 206.99 | OK | |
| r-devel-linux-x86_64-fedora-gcc | 0.1.0 | 32.00 | 155.88 | 187.88 | OK | |
| r-devel-windows-x86_64 | 0.1.0 | 18.00 | 107.00 | 125.00 | OK | |
| r-patched-linux-x86_64 | 0.1.0 | 13.01 | 104.53 | 117.54 | OK | |
| r-release-linux-x86_64 | 0.1.0 | 14.75 | 104.15 | 118.90 | OK | |
| r-release-macos-arm64 | 0.1.0 | 6.00 | 50.00 | 56.00 | OK | |
| r-release-macos-x86_64 | 0.1.0 | 16.00 | 79.00 | 95.00 | OK | |
| r-release-windows-x86_64 | 0.1.0 | 19.00 | 106.00 | 125.00 | OK | |
| r-oldrel-macos-arm64 | 0.1.0 | 4.00 | 31.00 | 35.00 | NOTE | |
| r-oldrel-macos-x86_64 | 0.1.0 | 7.00 | 47.00 | 54.00 | NOTE | |
| r-oldrel-windows-x86_64 | 0.1.0 | 24.00 | 139.00 | 163.00 | NOTE | 
Version: 0.1.0
Check: CRAN incoming feasibility
Result: NOTE
  Maintainer: ‘Huseyin Yildiz <huseyinyildiz35@gmail.com>’
  
  No Authors@R field in DESCRIPTION.
  Please add one, modifying
    Authors@R: person(given = "Huseyin",
                      family = "Yildiz",
                      role = c("aut", "cre"),
                      email = "huseyinyildiz35@gmail.com")
  as necessary.
Flavors: r-devel-linux-x86_64-debian-clang, r-devel-linux-x86_64-debian-gcc
Version: 0.1.0
Check: LazyData
Result: NOTE
    'LazyData' is specified without a 'data' directory
Flavors: r-oldrel-macos-arm64, r-oldrel-macos-x86_64, r-oldrel-windows-x86_64