Last updated on 2025-05-28 00:48:59 CEST.
Flavor | Version | Tinstall | Tcheck | Ttotal | Status | Flags |
---|---|---|---|---|---|---|
r-devel-linux-x86_64-debian-clang | 1.0-4 | 7.33 | 57.78 | 65.11 | NOTE | |
r-devel-linux-x86_64-debian-gcc | 1.0-4 | 5.29 | 44.49 | 49.78 | NOTE | |
r-devel-linux-x86_64-fedora-clang | 1.0-4 | 104.96 | OK | |||
r-devel-linux-x86_64-fedora-gcc | 1.0-4 | 95.01 | OK | |||
r-devel-windows-x86_64 | 1.0-4 | 9.00 | 70.00 | 79.00 | OK | |
r-patched-linux-x86_64 | 1.0-4 | 7.37 | 55.48 | 62.85 | OK | |
r-release-linux-x86_64 | 1.0-4 | 6.61 | 55.42 | 62.03 | OK | |
r-release-macos-arm64 | 1.0-4 | 31.00 | OK | |||
r-release-macos-x86_64 | 1.0-4 | 58.00 | OK | |||
r-release-windows-x86_64 | 1.0-4 | 8.00 | 73.00 | 81.00 | OK | |
r-oldrel-macos-arm64 | 1.0-4 | 30.00 | OK | |||
r-oldrel-macos-x86_64 | 1.0-4 | 44.00 | OK | |||
r-oldrel-windows-x86_64 | 1.0-4 | 10.00 | 82.00 | 92.00 | OK |
Version: 1.0-4
Check: CRAN incoming feasibility
Result: NOTE
Maintainer: ‘Gunther Schauberger <gunther.schauberger@tum.de>’
No Authors@R field in DESCRIPTION.
Please add one, modifying
Authors@R: person(given = "Gunther",
family = "Schauberger",
role = c("aut", "cre"),
email = "gunther.schauberger@tum.de")
as necessary.
Flavors: r-devel-linux-x86_64-debian-clang, r-devel-linux-x86_64-debian-gcc