Last updated on 2025-02-21 17:50:39 CET.
Flavor | Version | Tinstall | Tcheck | Ttotal | Status | Flags |
---|---|---|---|---|---|---|
r-devel-linux-x86_64-debian-clang | 1.0.0 | 56.68 | 106.52 | 163.20 | OK | |
r-devel-linux-x86_64-debian-gcc | 1.0.0 | 42.47 | 76.50 | 118.97 | OK | |
r-devel-linux-x86_64-fedora-clang | 1.0.0 | 269.58 | OK | |||
r-devel-linux-x86_64-fedora-gcc | 1.0.0 | 285.03 | OK | |||
r-devel-macos-arm64 | 1.0.0 | 82.00 | OK | |||
r-devel-macos-x86_64 | 1.0.0 | 130.00 | OK | |||
r-devel-windows-x86_64 | 1.0.0 | 59.00 | 135.00 | 194.00 | OK | |
r-patched-linux-x86_64 | 1.0.0 | 54.39 | 98.85 | 153.24 | OK | |
r-release-linux-x86_64 | 1.0.0 | 54.64 | 98.67 | 153.31 | OK | |
r-release-macos-arm64 | 1.0.0 | 80.00 | NOTE | |||
r-release-macos-x86_64 | 1.0.0 | 139.00 | NOTE | |||
r-release-windows-x86_64 | 1.0.0 | 58.00 | 131.00 | 189.00 | OK | |
r-oldrel-macos-arm64 | 1.0.0 | 85.00 | NOTE | |||
r-oldrel-macos-x86_64 | 1.0.0 | 146.00 | NOTE | |||
r-oldrel-windows-x86_64 | 1.0.0 | 73.00 | 157.00 | 230.00 | OK |
Version: 1.0.0
Check: installed package size
Result: NOTE
installed size is 5.4Mb
sub-directories of 1Mb or more:
libs 4.2Mb
Flavors: r-release-macos-arm64, r-release-macos-x86_64, r-oldrel-macos-arm64, r-oldrel-macos-x86_64