CRAN Package Check Results for Package DDL

Last updated on 2025-11-28 17:48:36 CET.

Flavor Version Tinstall Tcheck Ttotal Status Flags
r-devel-linux-x86_64-debian-clang 1.0.2 1.76 33.28 35.04 NOTE
r-devel-linux-x86_64-debian-gcc 1.0.2 1.49 25.91 27.40 NOTE
r-devel-linux-x86_64-fedora-clang 1.0.2 47.96 OK
r-devel-linux-x86_64-fedora-gcc 1.0.2 48.56 OK
r-devel-windows-x86_64 1.0.2 7.00 54.00 61.00 OK
r-patched-linux-x86_64 1.0.2 1.96 31.50 33.46 OK
r-release-linux-x86_64 1.0.2 1.74 31.48 33.22 OK
r-release-macos-arm64 1.0.2 OK
r-release-macos-x86_64 1.0.2 3.00 44.00 47.00 OK
r-release-windows-x86_64 1.0.2 3.00 61.00 64.00 OK
r-oldrel-macos-arm64 1.0.2 OK
r-oldrel-macos-x86_64 1.0.2 2.00 30.00 32.00 OK
r-oldrel-windows-x86_64 1.0.2 4.00 63.00 67.00 OK

Check Details

Version: 1.0.2
Check: CRAN incoming feasibility
Result: NOTE Maintainer: ‘Zijian Guo <zijguo@stat.rutgers.edu>’ The Description field contains Debiased Lasso method was proposed in <arXiv:2004.03758>. Please refer to arXiv e-prints via their arXiv DOI <doi:10.48550/arXiv.YYMM.NNNNN>. Flavors: r-devel-linux-x86_64-debian-clang, r-devel-linux-x86_64-debian-gcc

mirror server hosted at Truenetwork, Russian Federation.