Last updated on 2025-11-04 05:51:08 CET.
| Flavor | Version | Tinstall | Tcheck | Ttotal | Status | Flags | 
|---|---|---|---|---|---|---|
| r-devel-linux-x86_64-debian-clang | 1.0.0 | 7.45 | 276.33 | 283.78 | ERROR | |
| r-devel-linux-x86_64-debian-gcc | 1.0.1 | 5.24 | 180.25 | 185.49 | OK | |
| r-devel-linux-x86_64-fedora-clang | 1.0.1 | 24.00 | 415.52 | 439.52 | OK | |
| r-devel-linux-x86_64-fedora-gcc | 1.0.1 | 18.00 | 392.16 | 410.16 | OK | |
| r-devel-windows-x86_64 | 1.0.1 | 13.00 | 256.00 | 269.00 | OK | |
| r-patched-linux-x86_64 | 1.0.0 | 6.83 | 261.21 | 268.04 | ERROR | |
| r-release-linux-x86_64 | 1.0.1 | 0.37 | 1.91 | 2.28 | ERROR | |
| r-release-macos-arm64 | 1.0.1 | 3.00 | 112.00 | 115.00 | OK | |
| r-release-macos-x86_64 | 1.0.1 | 9.00 | 290.00 | 299.00 | OK | |
| r-release-windows-x86_64 | 1.0.1 | 12.00 | 252.00 | 264.00 | OK | |
| r-oldrel-macos-arm64 | 1.0.1 | 3.00 | 112.00 | 115.00 | OK | |
| r-oldrel-macos-x86_64 | 1.0.1 | 9.00 | 267.00 | 276.00 | OK | |
| r-oldrel-windows-x86_64 | 1.0.1 | 10.00 | 345.00 | 355.00 | OK | 
Version: 1.0.0
Check: tests
Result: ERROR
    Running ‘testthat.R’ [124s/170s]
  Running the tests in ‘tests/testthat.R’ failed.
  Complete output:
    > library(testthat)
    > library(DAISIEprep)
    > 
    > test_check("DAISIEprep")
    [ FAIL 2 | WARN 1 | SKIP 14 | PASS 2237 ]
    
    ══ Skipped tests (14) ══════════════════════════════════════════════════════════
    • Run only on CI (3): 'test-sensitivity.R:2:3', 'test-sensitivity.R:40:3',
      'test-sensitivity.R:78:3'
    • empty test (11): 'test-create_daisie_data.R:169:1',
      'test-create_daisie_data.R:173:1', 'test-create_daisie_data.R:177:1',
      'test-create_daisie_data.R:181:1', 'test-create_daisie_data.R:185:1',
      'test-create_daisie_data.R:189:1', 'test-create_daisie_data.R:231:1',
      'test-create_daisie_data.R:235:1', 'test-create_daisie_data.R:239:1',
      'test-create_daisie_data.R:243:1', 'test-create_daisie_data.R:247:1'
    
    ══ Failed tests ════════════════════════════════════════════════════════════════
    ── Error ('test-plot_phylod.R:13:3'): plot_phylod runs silent without error ────
    Error in `geom_bar(stat = "identity", alpha = alpha, color = outline.color, 
        size = outline.size, show.legend = F)`: Problem while computing aesthetics.
    i Error occurred in the 1st layer.
    Caused by error:
    ! Aesthetics are not valid data columns.
    x The following aesthetics are invalid:
    * `y = y`
    * `fill = fill`
    i Did you mistype the name of a data column or forget to add `after_stat()`?
    ── Error ('test-plot_phylod.R:18:3'): plot_phylod runs silent without error ────
    Error in `geom_bar(stat = "identity", alpha = alpha, color = outline.color, 
        size = outline.size, show.legend = F)`: Problem while computing aesthetics.
    i Error occurred in the 1st layer.
    Caused by error:
    ! Aesthetics are not valid data columns.
    x The following aesthetics are invalid:
    * `y = y`
    * `fill = fill`
    i Did you mistype the name of a data column or forget to add `after_stat()`?
    
    [ FAIL 2 | WARN 1 | SKIP 14 | PASS 2237 ]
    Error: Test failures
    Execution halted
Flavor: r-devel-linux-x86_64-debian-clang
Version: 1.0.0
Check: tests
Result: ERROR
    Running ‘testthat.R’ [118s/156s]
  Running the tests in ‘tests/testthat.R’ failed.
  Complete output:
    > library(testthat)
    > library(DAISIEprep)
    > 
    > test_check("DAISIEprep")
    [ FAIL 2 | WARN 1 | SKIP 14 | PASS 2237 ]
    
    ══ Skipped tests (14) ══════════════════════════════════════════════════════════
    • Run only on CI (3): 'test-sensitivity.R:2:3', 'test-sensitivity.R:40:3',
      'test-sensitivity.R:78:3'
    • empty test (11): 'test-create_daisie_data.R:169:1',
      'test-create_daisie_data.R:173:1', 'test-create_daisie_data.R:177:1',
      'test-create_daisie_data.R:181:1', 'test-create_daisie_data.R:185:1',
      'test-create_daisie_data.R:189:1', 'test-create_daisie_data.R:231:1',
      'test-create_daisie_data.R:235:1', 'test-create_daisie_data.R:239:1',
      'test-create_daisie_data.R:243:1', 'test-create_daisie_data.R:247:1'
    
    ══ Failed tests ════════════════════════════════════════════════════════════════
    ── Error ('test-plot_phylod.R:13:3'): plot_phylod runs silent without error ────
    Error in `geom_bar(stat = "identity", alpha = alpha, color = outline.color, 
        size = outline.size, show.legend = F)`: Problem while computing aesthetics.
    i Error occurred in the 1st layer.
    Caused by error:
    ! Aesthetics are not valid data columns.
    x The following aesthetics are invalid:
    * `y = y`
    * `fill = fill`
    i Did you mistype the name of a data column or forget to add `after_stat()`?
    ── Error ('test-plot_phylod.R:18:3'): plot_phylod runs silent without error ────
    Error in `geom_bar(stat = "identity", alpha = alpha, color = outline.color, 
        size = outline.size, show.legend = F)`: Problem while computing aesthetics.
    i Error occurred in the 1st layer.
    Caused by error:
    ! Aesthetics are not valid data columns.
    x The following aesthetics are invalid:
    * `y = y`
    * `fill = fill`
    i Did you mistype the name of a data column or forget to add `after_stat()`?
    
    [ FAIL 2 | WARN 1 | SKIP 14 | PASS 2237 ]
    Error: Test failures
    Execution halted
Flavor: r-patched-linux-x86_64
Version: 1.0.1
Check: package dependencies
Result: ERROR
  Package required but not available: ‘ggtree’
  
  See section ‘The DESCRIPTION file’ in the ‘Writing R Extensions’
  manual.
Flavor: r-release-linux-x86_64