Last updated on 2025-11-28 12:48:34 CET.
| Flavor | Version | Tinstall | Tcheck | Ttotal | Status | Flags |
|---|---|---|---|---|---|---|
| r-devel-linux-x86_64-debian-clang | 2.1.21 | 12.40 | 149.33 | 161.73 | OK | |
| r-devel-linux-x86_64-debian-gcc | 2.1.21 | 9.17 | 112.29 | 121.46 | OK | |
| r-devel-linux-x86_64-fedora-clang | 2.1.21 | 32.00 | 215.72 | 247.72 | OK | |
| r-devel-linux-x86_64-fedora-gcc | 2.1.21 | 36.00 | 238.88 | 274.88 | OK | |
| r-devel-windows-x86_64 | 2.1.21 | 15.00 | 172.00 | 187.00 | OK | |
| r-patched-linux-x86_64 | 2.1.21 | 16.81 | 142.33 | 159.14 | OK | |
| r-release-linux-x86_64 | 2.1.21 | 14.16 | 142.18 | 156.34 | OK | |
| r-release-macos-arm64 | 2.1.21 | 7.00 | 42.00 | 49.00 | ERROR | |
| r-release-macos-x86_64 | 2.1.21 | 19.00 | 283.00 | 302.00 | ERROR | |
| r-release-windows-x86_64 | 2.1.21 | 16.00 | 160.00 | 176.00 | OK | |
| r-oldrel-macos-arm64 | 2.1.21 | 6.00 | 45.00 | 51.00 | ERROR | |
| r-oldrel-macos-x86_64 | 2.1.21 | 20.00 | 240.00 | 260.00 | ERROR | |
| r-oldrel-windows-x86_64 | 2.1.21 | 22.00 | 208.00 | 230.00 | OK |
Version: 2.1.21
Check: tests
Result: ERROR
Running ‘testthat.R’ [5s/5s]
Running the tests in ‘tests/testthat.R’ failed.
Complete output:
> # See https://github.com/tidyverse/dplyr/blob/main/tests/
> library(testthat)
> library(D4TAlink.light)
Loading required package: rjson
Loading required package: DBI
Loading required package: RSQLite
Loading required package: openssl
Linking to: OpenSSL 3.3.2 3 Sep 2024
>
> test_check("D4TAlink.light")
processing file: 20251127_myTask.Rmd
2025-11-27 08:22:10.097 R[64564:660938] XType: Using static font registry.
output file: 20251127_myTask.knit.md
/opt/R/arm64/bin/pandoc +RTS -K512m -RTS 20251127_myTask.knit.md --to docx --from markdown+autolink_bare_uris+tex_math_single_backslash --output /Volumes/Temp/tmp/RtmpQZZYQQ/filefc3456751187/MySponsor/myProject/myPackage/docs/20251127_myTask.docx --lua-filter /Volumes/Builds/packages/big-sur-arm64/Rlib/4.5/rmarkdown/rmarkdown/lua/pagebreak.lua --table-of-contents --toc-depth 3 --highlight-style tango --reference-doc /Volumes/Builds/packages/big-sur-arm64/Rlib/4.5/officedown/examples/bookdown/template.docx
Output created: /Volumes/Temp/tmp/RtmpQZZYQQ/filefc3456751187/MySponsor/myProject/myPackage/docs/20251127_myTask.docx
processing file: 20251127_myTask.Rmd
output file: 20251127_myTask.knit.md
/opt/R/arm64/bin/pandoc +RTS -K512m -RTS 20251127_myTask.knit.md --to docx --from markdown+autolink_bare_uris+tex_math_single_backslash --output /Volumes/Temp/tmp/RtmpQZZYQQ/filefc3456751187/MySponsor/myProject/myPackage/docs/20251127_myTask.docx --lua-filter /Volumes/Builds/packages/big-sur-arm64/Rlib/4.5/rmarkdown/rmarkdown/lua/pagebreak.lua --table-of-contents --toc-depth 3 --highlight-style tango --reference-doc /Volumes/Builds/packages/big-sur-arm64/results/4.5/D4TAlink.light.Rcheck/D4TAlink.light/template/SQU4REtemplate.docx
Output created: /Volumes/Temp/tmp/RtmpQZZYQQ/filefc3456751187/MySponsor/myProject/myPackage/docs/20251127_myTask.docx
updating: word/footer1.xml
zip warning: Local Entry CRC does not match CD: word/footer1.xml
(deflated 75%)
updating: word/header1.xml (deflated 88%)
Saving _problems/test01-68.R
[ FAIL 1 | WARN 0 | SKIP 0 | PASS 4 ]
══ Failed tests ════════════════════════════════════════════════════════════════
── Error ('test01.R:68:3'): (code run outside of `test_that()`) ────────────────
Error in `find_quarto()`: Quarto command-line tools path not found!
Please make sure you have installed and added Quarto to your PATH or set the QUARTO_PATH environment variable.
Backtrace:
▆
1. └─D4TAlink.light::renderTaskQmd(task) at test01.R:68:3
2. └─quarto::quarto_render(...)
3. └─quarto:::find_quarto()
4. └─cli::cli_abort(quarto_not_found_msg)
5. └─rlang::abort(...)
[ FAIL 1 | WARN 0 | SKIP 0 | PASS 4 ]
Error:
! Test failures.
Execution halted
Flavor: r-release-macos-arm64
Version: 2.1.21
Check: tests
Result: ERROR
Running ‘testthat.R’ [22s/62s]
Running the tests in ‘tests/testthat.R’ failed.
Complete output:
> # See https://github.com/tidyverse/dplyr/blob/main/tests/
> library(testthat)
> library(D4TAlink.light)
Loading required package: rjson
Loading required package: DBI
Loading required package: RSQLite
Loading required package: openssl
Linking to: OpenSSL 3.3.2 3 Sep 2024
>
> test_check("D4TAlink.light")
processing file: 20251128_myTask.Rmd
output file: 20251128_myTask.knit.md
/opt/R/x86_64/bin/pandoc +RTS -K512m -RTS 20251128_myTask.knit.md --to docx --from markdown+autolink_bare_uris+tex_math_single_backslash --output /Volumes/Temp/tmp/RtmpLfkIip/filee8ab19e646fa/MySponsor/myProject/myPackage/docs/20251128_myTask.docx --lua-filter /Volumes/Builds/packages/big-sur-x86_64/Rlib/4.5/rmarkdown/rmarkdown/lua/pagebreak.lua --table-of-contents --toc-depth 3 --highlight-style tango --reference-doc /Volumes/Builds/packages/big-sur-x86_64/Rlib/4.5/officedown/examples/bookdown/template.docx
Output created: /Volumes/Temp/tmp/RtmpLfkIip/filee8ab19e646fa/MySponsor/myProject/myPackage/docs/20251128_myTask.docx
processing file: 20251128_myTask.Rmd
output file: 20251128_myTask.knit.md
/opt/R/x86_64/bin/pandoc +RTS -K512m -RTS 20251128_myTask.knit.md --to docx --from markdown+autolink_bare_uris+tex_math_single_backslash --output /Volumes/Temp/tmp/RtmpLfkIip/filee8ab19e646fa/MySponsor/myProject/myPackage/docs/20251128_myTask.docx --lua-filter /Volumes/Builds/packages/big-sur-x86_64/Rlib/4.5/rmarkdown/rmarkdown/lua/pagebreak.lua --table-of-contents --toc-depth 3 --highlight-style tango --reference-doc /Volumes/Builds/packages/big-sur-x86_64/results/4.5/D4TAlink.light.Rcheck/D4TAlink.light/template/SQU4REtemplate.docx
Output created: /Volumes/Temp/tmp/RtmpLfkIip/filee8ab19e646fa/MySponsor/myProject/myPackage/docs/20251128_myTask.docx
updating: word/footer1.xml
zip warning: Local Entry CRC does not match CD: word/footer1.xml
(deflated 75%)
updating: word/header1.xml (deflated 88%)
Saving _problems/test01-68.R
[ FAIL 1 | WARN 0 | SKIP 0 | PASS 4 ]
══ Failed tests ════════════════════════════════════════════════════════════════
── Error ('test01.R:68:3'): (code run outside of `test_that()`) ────────────────
Error in `find_quarto()`: Quarto command-line tools path not found!
Please make sure you have installed and added Quarto to your PATH or set the QUARTO_PATH environment variable.
Backtrace:
▆
1. └─D4TAlink.light::renderTaskQmd(task) at test01.R:68:3
2. └─quarto::quarto_render(...)
3. └─quarto:::find_quarto()
4. └─cli::cli_abort(quarto_not_found_msg)
5. └─rlang::abort(...)
[ FAIL 1 | WARN 0 | SKIP 0 | PASS 4 ]
Error:
! Test failures.
Execution halted
Flavor: r-release-macos-x86_64
Version: 2.1.21
Check: tests
Result: ERROR
Running ‘testthat.R’ [5s/5s]
Running the tests in ‘tests/testthat.R’ failed.
Complete output:
> # See https://github.com/tidyverse/dplyr/blob/main/tests/
> library(testthat)
> library(D4TAlink.light)
Loading required package: rjson
Loading required package: DBI
Loading required package: RSQLite
Loading required package: openssl
Linking to: OpenSSL 3.3.2 3 Sep 2024
>
> test_check("D4TAlink.light")
processing file: 20251127_myTask.Rmd
2025-11-27 08:16:03.874 R[39970:343268] XType: Using static font registry.
output file: 20251127_myTask.knit.md
/opt/R/arm64/bin/pandoc +RTS -K512m -RTS 20251127_myTask.knit.md --to docx --from markdown+autolink_bare_uris+tex_math_single_backslash --output /Volumes/Temp/tmp/RtmpD6ocll/file9c226f4d48c3/MySponsor/myProject/myPackage/docs/20251127_myTask.docx --lua-filter /Volumes/Builds/packages/big-sur-arm64/Rlib/4.4/rmarkdown/rmarkdown/lua/pagebreak.lua --table-of-contents --toc-depth 3 --highlight-style tango --reference-doc /Volumes/Builds/packages/big-sur-arm64/Rlib/4.4/officedown/examples/bookdown/template.docx
Output created: /Volumes/Temp/tmp/RtmpD6ocll/file9c226f4d48c3/MySponsor/myProject/myPackage/docs/20251127_myTask.docx
processing file: 20251127_myTask.Rmd
output file: 20251127_myTask.knit.md
/opt/R/arm64/bin/pandoc +RTS -K512m -RTS 20251127_myTask.knit.md --to docx --from markdown+autolink_bare_uris+tex_math_single_backslash --output /Volumes/Temp/tmp/RtmpD6ocll/file9c226f4d48c3/MySponsor/myProject/myPackage/docs/20251127_myTask.docx --lua-filter /Volumes/Builds/packages/big-sur-arm64/Rlib/4.4/rmarkdown/rmarkdown/lua/pagebreak.lua --table-of-contents --toc-depth 3 --highlight-style tango --reference-doc /Volumes/Builds/packages/big-sur-arm64/results/4.4/D4TAlink.light.Rcheck/D4TAlink.light/template/SQU4REtemplate.docx
Output created: /Volumes/Temp/tmp/RtmpD6ocll/file9c226f4d48c3/MySponsor/myProject/myPackage/docs/20251127_myTask.docx
updating: word/footer1.xml
zip warning: Local Entry CRC does not match CD: word/footer1.xml
(deflated 75%)
updating: word/header1.xml (deflated 88%)
Saving _problems/test01-68.R
[ FAIL 1 | WARN 0 | SKIP 0 | PASS 4 ]
══ Failed tests ════════════════════════════════════════════════════════════════
── Error ('test01.R:68:3'): (code run outside of `test_that()`) ────────────────
Error in `find_quarto()`: Quarto command-line tools path not found!
Please make sure you have installed and added Quarto to your PATH or set the QUARTO_PATH environment variable.
Backtrace:
▆
1. └─D4TAlink.light::renderTaskQmd(task) at test01.R:68:3
2. └─quarto::quarto_render(...)
3. └─quarto:::find_quarto()
4. └─cli::cli_abort(quarto_not_found_msg)
5. └─rlang::abort(...)
[ FAIL 1 | WARN 0 | SKIP 0 | PASS 4 ]
Error:
! Test failures.
Execution halted
Flavor: r-oldrel-macos-arm64
Version: 2.1.21
Check: tests
Result: ERROR
Running ‘testthat.R’ [19s/39s]
Running the tests in ‘tests/testthat.R’ failed.
Complete output:
> # See https://github.com/tidyverse/dplyr/blob/main/tests/
> library(testthat)
> library(D4TAlink.light)
Loading required package: rjson
Loading required package: DBI
Loading required package: RSQLite
Loading required package: openssl
Linking to: OpenSSL 3.3.2 3 Sep 2024
>
> test_check("D4TAlink.light")
processing file: 20251128_myTask.Rmd
output file: 20251128_myTask.knit.md
/opt/R/x86_64/bin/pandoc +RTS -K512m -RTS 20251128_myTask.knit.md --to docx --from markdown+autolink_bare_uris+tex_math_single_backslash --output /Volumes/Temp/tmp/RtmpNt9Dfv/fileaec37b4a56ff/MySponsor/myProject/myPackage/docs/20251128_myTask.docx --lua-filter /Volumes/Builds/packages/big-sur-x86_64/Rlib/4.4/rmarkdown/rmarkdown/lua/pagebreak.lua --table-of-contents --toc-depth 3 --highlight-style tango --reference-doc /Volumes/Builds/packages/big-sur-x86_64/Rlib/4.4/officedown/examples/bookdown/template.docx
Output created: /Volumes/Temp/tmp/RtmpNt9Dfv/fileaec37b4a56ff/MySponsor/myProject/myPackage/docs/20251128_myTask.docx
processing file: 20251128_myTask.Rmd
output file: 20251128_myTask.knit.md
/opt/R/x86_64/bin/pandoc +RTS -K512m -RTS 20251128_myTask.knit.md --to docx --from markdown+autolink_bare_uris+tex_math_single_backslash --output /Volumes/Temp/tmp/RtmpNt9Dfv/fileaec37b4a56ff/MySponsor/myProject/myPackage/docs/20251128_myTask.docx --lua-filter /Volumes/Builds/packages/big-sur-x86_64/Rlib/4.4/rmarkdown/rmarkdown/lua/pagebreak.lua --table-of-contents --toc-depth 3 --highlight-style tango --reference-doc /Volumes/Builds/packages/big-sur-x86_64/results/4.4/D4TAlink.light.Rcheck/D4TAlink.light/template/SQU4REtemplate.docx
Output created: /Volumes/Temp/tmp/RtmpNt9Dfv/fileaec37b4a56ff/MySponsor/myProject/myPackage/docs/20251128_myTask.docx
updating: word/footer1.xml
zip warning: Local Entry CRC does not match CD: word/footer1.xml
(deflated 75%)
updating: word/header1.xml (deflated 88%)
Saving _problems/test01-68.R
[ FAIL 1 | WARN 0 | SKIP 0 | PASS 4 ]
══ Failed tests ════════════════════════════════════════════════════════════════
── Error ('test01.R:68:3'): (code run outside of `test_that()`) ────────────────
Error in `find_quarto()`: Quarto command-line tools path not found!
Please make sure you have installed and added Quarto to your PATH or set the QUARTO_PATH environment variable.
Backtrace:
▆
1. └─D4TAlink.light::renderTaskQmd(task) at test01.R:68:3
2. └─quarto::quarto_render(...)
3. └─quarto:::find_quarto()
4. └─cli::cli_abort(quarto_not_found_msg)
5. └─rlang::abort(...)
[ FAIL 1 | WARN 0 | SKIP 0 | PASS 4 ]
Error:
! Test failures.
Execution halted
Flavor: r-oldrel-macos-x86_64