Last updated on 2025-05-23 06:49:48 CEST.
Flavor | Version | Tinstall | Tcheck | Ttotal | Status | Flags |
---|---|---|---|---|---|---|
r-devel-linux-x86_64-debian-clang | 0.2.0 | 36.24 | 199.93 | 236.17 | OK | |
r-devel-linux-x86_64-debian-gcc | 0.2.0 | 28.49 | 142.77 | 171.26 | OK | |
r-devel-linux-x86_64-fedora-clang | 0.2.0 | 399.29 | OK | |||
r-devel-linux-x86_64-fedora-gcc | 0.2.0 | 403.39 | OK | |||
r-devel-windows-x86_64 | 0.2.0 | 41.00 | 204.00 | 245.00 | OK | |
r-patched-linux-x86_64 | 0.2.0 | 39.60 | 187.84 | 227.44 | OK | |
r-release-linux-x86_64 | 0.2.0 | 41.53 | 186.07 | 227.60 | OK | |
r-release-macos-arm64 | 0.2.0 | 137.00 | OK | |||
r-release-macos-x86_64 | 0.2.0 | 248.00 | OK | |||
r-release-windows-x86_64 | 0.2.0 | 50.00 | 231.00 | 281.00 | OK | |
r-oldrel-macos-arm64 | 0.2.0 | 149.00 | NOTE | |||
r-oldrel-macos-x86_64 | 0.2.0 | 225.00 | NOTE | |||
r-oldrel-windows-x86_64 | 0.2.0 | 54.00 | 261.00 | 315.00 | OK |
Version: 0.2.0
Check: installed package size
Result: NOTE
installed size is 5.4Mb
sub-directories of 1Mb or more:
data 1.5Mb
libs 3.1Mb
Flavors: r-oldrel-macos-arm64, r-oldrel-macos-x86_64