Last updated on 2025-07-13 00:48:23 CEST.
Flavor | Version | Tinstall | Tcheck | Ttotal | Status | Flags |
---|---|---|---|---|---|---|
r-devel-linux-x86_64-debian-clang | 3.5.2 | 198.08 | 115.07 | 313.15 | OK | |
r-devel-linux-x86_64-debian-gcc | 3.5.2 | 162.24 | 85.40 | 247.64 | OK | |
r-devel-linux-x86_64-fedora-clang | 3.5.2 | 602.59 | OK | |||
r-devel-linux-x86_64-fedora-gcc | 3.5.2 | 646.10 | OK | |||
r-devel-windows-x86_64 | 3.5.2 | 237.00 | 164.00 | 401.00 | OK | |
r-patched-linux-x86_64 | 3.5.2 | 231.63 | 111.57 | 343.20 | OK | |
r-release-linux-x86_64 | 3.5.2 | 225.96 | 110.53 | 336.49 | OK | |
r-release-macos-arm64 | 3.5.1 | 105.00 | OK | |||
r-release-macos-x86_64 | 3.5.2 | 215.00 | OK | |||
r-release-windows-x86_64 | 3.5.2 | 258.00 | 171.00 | 429.00 | OK | |
r-oldrel-macos-arm64 | 3.5.1 | 134.00 | NOTE | |||
r-oldrel-macos-x86_64 | 3.5.2 | 200.00 | NOTE | |||
r-oldrel-windows-x86_64 | 3.5.2 | 318.00 | 214.00 | 532.00 | OK |
Version: 3.5.1
Check: installed package size
Result: NOTE
installed size is 28.9Mb
sub-directories of 1Mb or more:
libs 28.1Mb
Flavor: r-oldrel-macos-arm64
Version: 3.5.2
Check: installed package size
Result: NOTE
installed size is 30.7Mb
sub-directories of 1Mb or more:
libs 29.8Mb
Flavor: r-oldrel-macos-x86_64