Last updated on 2025-05-22 12:49:57 CEST.
Flavor | Version | Tinstall | Tcheck | Ttotal | Status | Flags |
---|---|---|---|---|---|---|
r-devel-linux-x86_64-debian-clang | 1.1.0 | 7.41 | 116.08 | 123.49 | OK | |
r-devel-linux-x86_64-debian-gcc | 1.1.0 | 4.62 | 86.98 | 91.60 | OK | |
r-devel-linux-x86_64-fedora-clang | 1.1.0 | 185.85 | OK | |||
r-devel-linux-x86_64-fedora-gcc | 1.1.0 | 188.14 | OK | |||
r-devel-windows-x86_64 | 1.1.0 | 10.00 | 233.00 | 243.00 | OK | |
r-patched-linux-x86_64 | 1.1.0 | 5.31 | 110.80 | 116.11 | OK | |
r-release-linux-x86_64 | 1.1.0 | 6.22 | 111.44 | 117.66 | OK | |
r-release-macos-arm64 | 1.1.0 | 124.00 | OK | |||
r-release-macos-x86_64 | 1.1.0 | 260.00 | OK | |||
r-release-windows-x86_64 | 1.1.0 | 10.00 | 378.00 | 388.00 | OK | |
r-oldrel-macos-arm64 | 1.1.0 | 103.00 | NOTE | |||
r-oldrel-macos-x86_64 | 1.1.0 | 230.00 | NOTE | |||
r-oldrel-windows-x86_64 | 1.1.0 | 12.00 | 320.00 | 332.00 | NOTE |
Version: 1.1.0
Check: installed package size
Result: NOTE
installed size is 6.5Mb
sub-directories of 1Mb or more:
doc 5.4Mb
Flavors: r-oldrel-macos-arm64, r-oldrel-macos-x86_64, r-oldrel-windows-x86_64