Last updated on 2025-11-04 05:51:07 CET.
| Flavor | Version | Tinstall | Tcheck | Ttotal | Status | Flags | 
|---|---|---|---|---|---|---|
| r-devel-linux-x86_64-debian-clang | 1.0.2 | 17.57 | 152.64 | 170.21 | NOTE | |
| r-devel-linux-x86_64-debian-gcc | 1.0.2 | 15.08 | 107.68 | 122.76 | NOTE | |
| r-devel-linux-x86_64-fedora-clang | 1.0.2 | 129.00 | 148.61 | 277.61 | NOTE | |
| r-devel-linux-x86_64-fedora-gcc | 1.0.2 | 38.00 | 202.62 | 240.62 | NOTE | |
| r-devel-windows-x86_64 | 1.0.2 | 21.00 | 144.00 | 165.00 | NOTE | |
| r-patched-linux-x86_64 | 1.0.2 | 17.83 | 142.54 | 160.37 | OK | |
| r-release-linux-x86_64 | 1.0.2 | 19.66 | 144.16 | 163.82 | OK | |
| r-release-macos-arm64 | 1.0.2 | 7.00 | 42.00 | 49.00 | OK | |
| r-release-macos-x86_64 | 1.0.2 | 13.00 | 88.00 | 101.00 | OK | |
| r-release-windows-x86_64 | 1.0.2 | 20.00 | 141.00 | 161.00 | OK | |
| r-oldrel-macos-arm64 | 1.0.2 | 8.00 | 52.00 | 60.00 | OK | |
| r-oldrel-macos-x86_64 | 1.0.2 | 9.00 | 412.00 | 421.00 | OK | |
| r-oldrel-windows-x86_64 | 1.0.2 | 28.00 | 180.00 | 208.00 | OK | 
Version: 1.0.2
Check: Rd files
Result: NOTE
  checkRd: (-1) kunfolding.Rd:30-60: Only 4 columns allowed in this table (row 17 has 3)
Flavors: r-devel-linux-x86_64-debian-clang, r-devel-linux-x86_64-debian-gcc, r-devel-linux-x86_64-fedora-clang, r-devel-linux-x86_64-fedora-gcc, r-devel-windows-x86_64