CRAN Package Check Results for Package ConconiAnaerobicThresholdTest

Last updated on 2025-11-03 17:49:45 CET.

Flavor Version Tinstall Tcheck Ttotal Status Flags
r-devel-linux-x86_64-debian-clang 1.0.0 5.60 74.34 79.94 NOTE
r-devel-linux-x86_64-debian-gcc 1.0.0 4.68 53.30 57.98 NOTE
r-devel-linux-x86_64-fedora-clang 1.0.0 77.00 58.06 135.06 NOTE
r-devel-linux-x86_64-fedora-gcc 1.0.0 14.00 114.99 128.99 NOTE
r-devel-windows-x86_64 1.0.0 9.00 77.00 86.00 NOTE
r-patched-linux-x86_64 1.0.0 6.46 71.27 77.73 NOTE
r-release-linux-x86_64 1.0.0 5.65 68.22 73.87 NOTE
r-release-macos-arm64 1.0.0 2.00 35.00 37.00 NOTE
r-release-macos-x86_64 1.0.0 4.00 57.00 61.00 NOTE
r-release-windows-x86_64 1.0.0 8.00 75.00 83.00 NOTE
r-oldrel-macos-arm64 1.0.0 2.00 33.00 35.00 OK
r-oldrel-macos-x86_64 1.0.0 4.00 47.00 51.00 OK
r-oldrel-windows-x86_64 1.0.0 12.00 95.00 107.00 OK

Check Details

Version: 1.0.0
Check: DESCRIPTION meta-information
Result: NOTE Missing dependency on R >= 4.1.0 because package code uses the pipe |> or function shorthand \(...) syntax added in R 4.1.0. File(s) using such syntax: ‘fitmodel.R’ Flavors: r-devel-linux-x86_64-debian-clang, r-devel-linux-x86_64-debian-gcc, r-devel-linux-x86_64-fedora-clang, r-devel-linux-x86_64-fedora-gcc, r-devel-windows-x86_64, r-patched-linux-x86_64, r-release-linux-x86_64, r-release-macos-arm64, r-release-macos-x86_64, r-release-windows-x86_64

mirror server hosted at Truenetwork, Russian Federation.