Last updated on 2025-11-04 05:51:07 CET.
| Flavor | Version | Tinstall | Tcheck | Ttotal | Status | Flags | 
|---|---|---|---|---|---|---|
| r-devel-linux-x86_64-debian-clang | 1.2 | 2.85 | 31.32 | 34.17 | NOTE | |
| r-devel-linux-x86_64-debian-gcc | 1.2 | 2.40 | 24.20 | 26.60 | NOTE | |
| r-devel-linux-x86_64-fedora-clang | 1.2 | 24.00 | 30.83 | 54.83 | OK | |
| r-devel-linux-x86_64-fedora-gcc | 1.2 | 48.58 | OK | |||
| r-devel-windows-x86_64 | 1.2 | 4.00 | 48.00 | 52.00 | OK | |
| r-patched-linux-x86_64 | 1.2 | 2.53 | 29.85 | 32.38 | OK | |
| r-release-linux-x86_64 | 1.2 | 3.30 | 29.54 | 32.84 | OK | |
| r-release-macos-arm64 | 1.2 | 2.00 | 19.00 | 21.00 | OK | |
| r-release-macos-x86_64 | 1.2 | 5.00 | 39.00 | 44.00 | OK | |
| r-release-windows-x86_64 | 1.2 | 4.00 | 46.00 | 50.00 | OK | |
| r-oldrel-macos-arm64 | 1.2 | 2.00 | 20.00 | 22.00 | OK | |
| r-oldrel-macos-x86_64 | 1.2 | 4.00 | 28.00 | 32.00 | OK | |
| r-oldrel-windows-x86_64 | 1.2 | 5.00 | 50.00 | 55.00 | OK | 
Version: 1.2
Check: CRAN incoming feasibility
Result: NOTE
  Maintainer: ‘Mary C Meyer <meyer@stat.colostate.edu>’
  
  No Authors@R field in DESCRIPTION.
  Please add one, modifying
    Authors@R: person(given = c("Mary", "C"),
                      family = "Meyer",
                      role = c("aut", "cre"),
                      email = "meyer@stat.colostate.edu")
  as necessary.
Flavors: r-devel-linux-x86_64-debian-clang, r-devel-linux-x86_64-debian-gcc