Last updated on 2025-11-04 05:51:07 CET.
| Flavor | Version | Tinstall | Tcheck | Ttotal | Status | Flags | 
|---|---|---|---|---|---|---|
| r-devel-linux-x86_64-debian-clang | 0.1.0 | 18.52 | 127.09 | 145.61 | OK | |
| r-devel-linux-x86_64-debian-gcc | 0.1.0 | 13.35 | 90.27 | 103.62 | OK | |
| r-devel-linux-x86_64-fedora-clang | 0.1.0 | 144.00 | 93.56 | 237.56 | NOTE | |
| r-devel-linux-x86_64-fedora-gcc | 0.1.0 | 70.00 | 155.24 | 225.24 | NOTE | |
| r-devel-windows-x86_64 | 0.1.0 | 21.00 | 118.00 | 139.00 | OK | |
| r-patched-linux-x86_64 | 0.1.0 | 17.14 | 117.87 | 135.01 | OK | |
| r-release-linux-x86_64 | 0.1.0 | 16.82 | 117.48 | 134.30 | OK | |
| r-release-macos-arm64 | 0.1.0 | 7.00 | 44.00 | 51.00 | OK | |
| r-release-macos-x86_64 | 0.1.0 | 13.00 | 87.00 | 100.00 | OK | |
| r-release-windows-x86_64 | 0.1.0 | 21.00 | 115.00 | 136.00 | OK | |
| r-oldrel-macos-arm64 | 0.1.0 | 7.00 | 46.00 | 53.00 | OK | |
| r-oldrel-macos-x86_64 | 0.1.0 | 10.00 | 64.00 | 74.00 | OK | |
| r-oldrel-windows-x86_64 | 0.1.0 | 28.00 | 155.00 | 183.00 | OK | 
Version: 0.1.0
Check: dependencies in R code
Result: NOTE
  Namespace in Imports field not imported from: ‘devtools’
    All declared Imports should be used.
Flavors: r-devel-linux-x86_64-fedora-clang, r-devel-linux-x86_64-fedora-gcc